{"id":60,"date":"2011-02-19T12:55:34","date_gmt":"2011-02-19T12:55:34","guid":{"rendered":"http:\/\/localhost\/upvvm\/2011\/?page_id=23"},"modified":"2019-11-04T17:43:12","modified_gmt":"2019-11-04T16:43:12","slug":"program-konference","status":"publish","type":"page","link":"http:\/\/home.pf.jcu.cz\/~upvm\/2019\/index.php\/program-konference\/","title":{"rendered":"Program konference"},"content":{"rendered":"<p><a href=\"http:\/\/home.pf.jcu.cz\/~upvm\/2019\/wp-content\/uploads\/Program_UPVM_2019.pdf\" class=\"mtli_attachment mtli_pdf\">R\u00e1mcov\u00fd program konference ve form\u00e1tu pdf<\/a><\/p>\n<p><i>Program bude pr\u016fb\u011b\u017en\u011b zp\u0159es\u0148ov\u00e1n. Kone\u010dn\u00e1 struktura programu konference se m\u016f\u017ee v detailech odli\u0161ovat.<\/i><\/p>\n\n\n<p><\/p>\n","protected":false},"excerpt":{"rendered":"<p>R\u00e1mcov\u00fd program konference ve form\u00e1tu pdf Program bude pr\u016fb\u011b\u017en\u011b zp\u0159es\u0148ov\u00e1n. Kone\u010dn\u00e1 struktura programu konference se m\u016f\u017ee v detailech odli\u0161ovat.<\/p>\n","protected":false},"author":4,"featured_media":0,"parent":0,"menu_order":0,"comment_status":"closed","ping_status":"open","template":"","meta":{"footnotes":""},"class_list":["post-60","page","type-page","status-publish","hentry"],"_links":{"self":[{"href":"http:\/\/home.pf.jcu.cz\/~upvm\/2019\/index.php\/wp-json\/wp\/v2\/pages\/60","targetHints":{"allow":["GET"]}}],"collection":[{"href":"http:\/\/home.pf.jcu.cz\/~upvm\/2019\/index.php\/wp-json\/wp\/v2\/pages"}],"about":[{"href":"http:\/\/home.pf.jcu.cz\/~upvm\/2019\/index.php\/wp-json\/wp\/v2\/types\/page"}],"author":[{"embeddable":true,"href":"http:\/\/home.pf.jcu.cz\/~upvm\/2019\/index.php\/wp-json\/wp\/v2\/users\/4"}],"replies":[{"embeddable":true,"href":"http:\/\/home.pf.jcu.cz\/~upvm\/2019\/index.php\/wp-json\/wp\/v2\/comments?post=60"}],"version-history":[{"count":13,"href":"http:\/\/home.pf.jcu.cz\/~upvm\/2019\/index.php\/wp-json\/wp\/v2\/pages\/60\/revisions"}],"predecessor-version":[{"id":836,"href":"http:\/\/home.pf.jcu.cz\/~upvm\/2019\/index.php\/wp-json\/wp\/v2\/pages\/60\/revisions\/836"}],"wp:attachment":[{"href":"http:\/\/home.pf.jcu.cz\/~upvm\/2019\/index.php\/wp-json\/wp\/v2\/media?parent=60"}],"curies":[{"name":"wp","href":"https:\/\/api.w.org\/{rel}","templated":true}]}}