{"id":169,"date":"2012-02-27T08:39:26","date_gmt":"2012-02-27T08:39:26","guid":{"rendered":"http:\/\/home.pf.jcu.cz\/~upvvm\/2011\/?page_id=169"},"modified":"2022-03-12T09:15:58","modified_gmt":"2022-03-12T08:15:58","slug":"sbornik-2","status":"publish","type":"page","link":"http:\/\/home.pf.jcu.cz\/~upvm\/2021\/index.php\/sbornik-2\/","title":{"rendered":"Sborn\u00edk"},"content":{"rendered":"\n<p><strong>Sborn\u00edk p\u0159\u00edsp\u011bvk\u016f 10. konference U\u017eit\u00ed po\u010d\u00edta\u010d\u016f ve v\u00fduce matematiky<\/strong><\/p>\n\n\n\n<p>Jiho\u010desk\u00e1 univerzita v \u010cesk\u00fdch Bud\u011bjovic\u00edch, 2021<\/p>\n\n\n\n<p>978-80-7394-906-8<\/p>\n\n\n\n<p><a href=\"http:\/\/home.pf.jcu.cz\/~upvvm\/2021\/Sbornik_UPVM_2021.pdf\" class=\"mtli_attachment mtli_pdf\" data-type=\"URL\" data-id=\"http:\/\/home.pf.jcu.cz\/~upvvm\/2021\/Sbornik_UPVM_2021.pdf\" target=\"_blank\" rel=\"noreferrer noopener\">Sborn\u00edk<\/a> <\/p>\n","protected":false},"excerpt":{"rendered":"<p>Sborn\u00edk p\u0159\u00edsp\u011bvk\u016f 10. konference U\u017eit\u00ed po\u010d\u00edta\u010d\u016f ve v\u00fduce matematiky Jiho\u010desk\u00e1 univerzita v \u010cesk\u00fdch Bud\u011bjovic\u00edch, 2021 978-80-7394-906-8 Sborn\u00edk<\/p>\n","protected":false},"author":1,"featured_media":0,"parent":0,"menu_order":0,"comment_status":"closed","ping_status":"open","template":"","meta":{"footnotes":""},"class_list":["post-169","page","type-page","status-publish","hentry"],"_links":{"self":[{"href":"http:\/\/home.pf.jcu.cz\/~upvm\/2021\/index.php\/wp-json\/wp\/v2\/pages\/169","targetHints":{"allow":["GET"]}}],"collection":[{"href":"http:\/\/home.pf.jcu.cz\/~upvm\/2021\/index.php\/wp-json\/wp\/v2\/pages"}],"about":[{"href":"http:\/\/home.pf.jcu.cz\/~upvm\/2021\/index.php\/wp-json\/wp\/v2\/types\/page"}],"author":[{"embeddable":true,"href":"http:\/\/home.pf.jcu.cz\/~upvm\/2021\/index.php\/wp-json\/wp\/v2\/users\/1"}],"replies":[{"embeddable":true,"href":"http:\/\/home.pf.jcu.cz\/~upvm\/2021\/index.php\/wp-json\/wp\/v2\/comments?post=169"}],"version-history":[{"count":5,"href":"http:\/\/home.pf.jcu.cz\/~upvm\/2021\/index.php\/wp-json\/wp\/v2\/pages\/169\/revisions"}],"predecessor-version":[{"id":1064,"href":"http:\/\/home.pf.jcu.cz\/~upvm\/2021\/index.php\/wp-json\/wp\/v2\/pages\/169\/revisions\/1064"}],"wp:attachment":[{"href":"http:\/\/home.pf.jcu.cz\/~upvm\/2021\/index.php\/wp-json\/wp\/v2\/media?parent=169"}],"curies":[{"name":"wp","href":"https:\/\/api.w.org\/{rel}","templated":true}]}}