{"id":48,"date":"2017-02-20T23:36:03","date_gmt":"2017-02-20T22:36:03","guid":{"rendered":"http:\/\/home.pf.jcu.cz\/~upvvm\/2017\/?page_id=48"},"modified":"2023-04-12T17:58:20","modified_gmt":"2023-04-12T15:58:20","slug":"dobry-den","status":"publish","type":"page","link":"http:\/\/home.pf.jcu.cz\/~upvm\/2021\/","title":{"rendered":"\u00davod"},"content":{"rendered":"<p>Toto je archivn\u00ed str\u00e1nka - mo\u017en\u00e1 hled\u00e1te <strong>aktu\u00e1ln\u00ed ro\u010dn\u00edk konference UPVM:<a href=\"http:\/\/home.pf.jcu.cz\/~upvm\"> https:\/\/www.pf.jcu.cz\/upvm <\/a><\/strong>.<\/p>\n<p>Ve dnech od 11. do 13. listopadu 2021 po\u0159\u00e1daly <a title=\"Katedra matematiky\" href=\"http:\/\/www.pf.jcu.cz\/stru\/katedry\/m\/\" target=\"_blank\" rel=\"noopener noreferrer\">Katedra matematiky<\/a> Pedagogick\u00e9 fakulty Jiho\u010desk\u00e9 univerzity v\u00a0\u010cesk\u00fdch Bud\u011bjovic\u00edch, <a title=\"SUMA\" href=\"http:\/\/www.suma.jcmf.cz\" target=\"_blank\" rel=\"noopener noreferrer\">Spole\u010dnost u\u010ditel\u016f matematiky<\/a> J\u010cMF a Jednota \u010desk\u00fdch matematik\u016f a fyzik\u016f, <a title=\"pobo\u010dn\u00fd spolek \u010cesk\u00e9 Bud\u011bjovice\" href=\"http:\/\/home.pf.jcu.cz\/~jcmf\/\" target=\"_blank\" rel=\"noopener noreferrer\">pobo\u010dn\u00fd spolek \u010cesk\u00e9 Bud\u011bjovice<\/a> v\u00a0po\u0159ad\u00ed 10. ro\u010dn\u00edk konference <strong>U\u017eit\u00ed po\u010d\u00edta\u010d\u016f ve v\u00fduce matematiky<\/strong>.<\/p>\n<p><img loading=\"lazy\" decoding=\"async\" class=\"aligncenter size-full wp-image-419\" src=\"http:\/\/home.pf.jcu.cz\/~upvvm\/2017\/wp-content\/uploads\/2017\/02\/logo_upvvm.jpg\" alt=\"Pr\u00e1ce \u017e\u00e1k\u016f na po\u010d\u00edta\u010di\" width=\"346\" height=\"198\" \/><\/p>\n<p><strong>Konference je akreditov\u00e1na M\u0160MT \u010cR jako sou\u010d\u00e1st dal\u0161\u00edho vzd\u011bl\u00e1v\u00e1n\u00ed u\u010ditel\u016f. Akreditace byla ud\u011blena pod \u010d. j.: MSMT- 16093\/2019-1-558.<\/strong><\/p>\n<p>Konference\u00a0se kon\u00e1 jednou za dva roky a jej\u00edm c\u00edlem je shrom\u00e1\u017edit u\u010ditele matematiky z r\u016fzn\u00fdch typ\u016f \u0161kol a odborn\u00edky z oblasti \u0161kolstv\u00ed k diskus\u00edm nejenom nad t\u011bmito t\u00e9maty:<\/p>\n<ul>\n<li>role digit\u00e1ln\u00edch technologi\u00ed ve vyu\u010dov\u00e1n\u00ed matematiky,<\/li>\n<li>vliv digit\u00e1ln\u00edch technologi\u00ed na obsah vyu\u010dov\u00e1n\u00ed,<\/li>\n<li>role u\u010ditele p\u0159i v\u00fduce podporovan\u00e9 po\u010d\u00edta\u010dem,<\/li>\n<li>role digit\u00e1ln\u00ed gramotnosti \u017e\u00e1k\u016f a u\u010ditel\u016f,<\/li>\n<li>ot\u00e1zky rozvoje digit\u00e1ln\u00ed gramotnosti p\u0159i v\u00fduce matematiky,<\/li>\n<li>vliv digit\u00e1ln\u00edch technologi\u00ed na rozvoj matematick\u00e9 a finan\u010dn\u00ed gramotnosti,<\/li>\n<li>sou\u010dasn\u00e9 pojet\u00ed v\u00fduky matematiky.<\/li>\n<\/ul>\n<p>Refer\u00e1ty a diskuse k uveden\u00fdm t\u00e9mat\u016fm budou prob\u00edhat v sekc\u00edch:<\/p>\n<ol>\n<li>V\u00fduka matematiky s podporou digit\u00e1ln\u00edch technologi\u00ed, role matematiky v rozvoji digit\u00e1ln\u00ed gramotnosti \u017e\u00e1k\u016f, reflexe v revizi RVP.<\/li>\n<li>STEM a polytechnick\u00e9 vzd\u011bl\u00e1v\u00e1n\u00ed; realizace s podporou digit\u00e1ln\u00edch technologi\u00ed.<\/li>\n<li>Konkr\u00e9tn\u00ed softwarov\u00e9 n\u00e1stroje pro podporu v\u00fduky matematiky; dynamick\u00e9 syst\u00e9my (GeoGebra, Sketchometry, \u2026), syst\u00e9my po\u010d\u00edta\u010dov\u00e9 algebry (Maple, Mathematica, wxMaxima, \u2026).<\/li>\n<li>Distan\u010dn\u00ed v\u00fduka matematiky.<\/li>\n<li>Ostatn\u00ed aplikace a digit\u00e1ln\u00ed za\u0159\u00edzen\u00ed pro podporu v\u00fduky matematiky; interaktivn\u00ed tabule, dotykov\u00e1 za\u0159\u00edzen\u00ed apod.<\/li>\n<li>Vyu\u017eit\u00ed digit\u00e1ln\u00edch technologi\u00ed v r\u016fzn\u00fdch discipl\u00edn\u00e1ch aplikuj\u00edc\u00edch matematick\u00e9 postupy (finan\u010dn\u00ed matematika, fyzika, informatika aj.).<\/li>\n<\/ol>\n<p>V\u00a0r\u00e1mci konference prob\u011bhnou workshopy pro za\u010d\u00e1te\u010dn\u00edky i pokro\u010dil\u00e9 nejen k\u00a0pou\u017e\u00edv\u00e1n\u00ed matematick\u00e9ho softwaru, ale i k\u00a0vyu\u017eit\u00ed dal\u0161\u00edch technologi\u00ed ve vzd\u011bl\u00e1v\u00e1n\u00ed.<\/p>\n<p>Do programu bude za\u0159azen kulat\u00fd st\u016fl na t\u00e9ma\u00a0<em>V\u00fdznam digit\u00e1ln\u00ed gramotnosti \u017e\u00e1k\u016f a u\u010ditel\u016f pro pot\u0159eby v\u00fduky na z\u00e1kladn\u00edch a st\u0159edn\u00edch \u0161kol\u00e1ch a cesty jej\u00edho rozvoje<\/em>, kter\u00fd bude v\u011bnov\u00e1n diskusi \u0159e\u0161en\u00ed aktu\u00e1ln\u00edch ot\u00e1zek souvisej\u00edc\u00edch s ji\u017e proveden\u00fdmi i p\u0159ipravovan\u00fdmi zm\u011bnami RVP ZV.<\/p>\n<p>\u00a0<\/p>\n<blockquote>\n<p>Konference je akreditov\u00e1na M\u0160MT \u010cR jako sou\u010d\u00e1st dal\u0161\u00edho vzd\u011bl\u00e1v\u00e1n\u00ed u\u010ditel\u016f (16 hodinov\u00fd kurz v r\u00e1mci \u0161ablon - matematick\u00e1 gramotnost).<\/p>\n<\/blockquote>\n\n\n<p><\/p>\n\n\n\n<p><\/p>\n","protected":false},"excerpt":{"rendered":"<p>Toto je archivn\u00ed str\u00e1nka &#8211; mo\u017en\u00e1 hled\u00e1te aktu\u00e1ln\u00ed ro\u010dn\u00edk konference UPVM: https:\/\/www.pf.jcu.cz\/upvm . Ve dnech od 11. do 13. listopadu 2021 po\u0159\u00e1daly Katedra matematiky Pedagogick\u00e9 fakulty Jiho\u010desk\u00e9 univerzity v\u00a0\u010cesk\u00fdch Bud\u011bjovic\u00edch, Spole\u010dnost u\u010ditel\u016f matematiky J\u010cMF a Jednota \u010desk\u00fdch matematik\u016f a fyzik\u016f, pobo\u010dn\u00fd spolek \u010cesk\u00e9 Bud\u011bjovice v\u00a0po\u0159ad\u00ed 10. ro\u010dn\u00edk konference U\u017eit\u00ed po\u010d\u00edta\u010d\u016f ve v\u00fduce matematiky. Konference je &hellip; <a href=\"http:\/\/home.pf.jcu.cz\/~upvm\/2021\/\" class=\"more-link\">Pokra\u010dovat ve \u010dten\u00ed<span class=\"screen-reader-text\"> &#8222;\u00davod&#8220;<\/span><\/a><\/p>\n","protected":false},"author":1,"featured_media":0,"parent":0,"menu_order":0,"comment_status":"closed","ping_status":"closed","template":"","meta":{"footnotes":""},"class_list":["post-48","page","type-page","status-publish","hentry"],"_links":{"self":[{"href":"http:\/\/home.pf.jcu.cz\/~upvm\/2021\/index.php\/wp-json\/wp\/v2\/pages\/48","targetHints":{"allow":["GET"]}}],"collection":[{"href":"http:\/\/home.pf.jcu.cz\/~upvm\/2021\/index.php\/wp-json\/wp\/v2\/pages"}],"about":[{"href":"http:\/\/home.pf.jcu.cz\/~upvm\/2021\/index.php\/wp-json\/wp\/v2\/types\/page"}],"author":[{"embeddable":true,"href":"http:\/\/home.pf.jcu.cz\/~upvm\/2021\/index.php\/wp-json\/wp\/v2\/users\/1"}],"replies":[{"embeddable":true,"href":"http:\/\/home.pf.jcu.cz\/~upvm\/2021\/index.php\/wp-json\/wp\/v2\/comments?post=48"}],"version-history":[{"count":9,"href":"http:\/\/home.pf.jcu.cz\/~upvm\/2021\/index.php\/wp-json\/wp\/v2\/pages\/48\/revisions"}],"predecessor-version":[{"id":1076,"href":"http:\/\/home.pf.jcu.cz\/~upvm\/2021\/index.php\/wp-json\/wp\/v2\/pages\/48\/revisions\/1076"}],"wp:attachment":[{"href":"http:\/\/home.pf.jcu.cz\/~upvm\/2021\/index.php\/wp-json\/wp\/v2\/media?parent=48"}],"curies":[{"name":"wp","href":"https:\/\/api.w.org\/{rel}","templated":true}]}}

Úvod

<p>Toto je archivní stránka - možná hledáte <strong>aktuální ročník konference UPVM:<a href="http://home.pf.jcu.cz/~upvm"> https://www.pf.jcu.cz/upvm </a></strong>.</p>
<p>Ve dnech od 11. do 13. listopadu 2021 pořádaly <a title="Katedra matematiky" href="http://www.pf.jcu.cz/stru/katedry/m/" target="_blank" rel="noopener noreferrer">Katedra matematiky</a> Pedagogické fakulty Jihočeské univerzity v Českých Budějovicích, <a title="SUMA" href="http://www.suma.jcmf.cz" target="_blank" rel="noopener noreferrer">Společnost učitelů matematiky</a> JČMF a Jednota českých matematiků a fyziků, <a title="pobočný spolek České Budějovice" href="http://home.pf.jcu.cz/~jcmf/" target="_blank" rel="noopener noreferrer">pobočný spolek České Budějovice</a> v pořadí 10. ročník konference <strong>Užití počítačů ve výuce matematiky</strong>.</p>
<p><img loading="lazy" decoding="async" class="aligncenter size-full wp-image-419" src="http://home.pf.jcu.cz/~upvvm/2017/wp-content/uploads/2017/02/logo_upvvm.jpg" alt="Práce žáků na počítači" width="346" height="198" /></p>
<p><strong>Konference je akreditována MŠMT ČR jako součást dalšího vzdělávání učitelů. Akreditace byla udělena pod č. j.: MSMT- 16093/2019-1-558.</strong></p>
<p>Konference se koná jednou za dva roky a jejím cílem je shromáždit učitele matematiky z různých typů škol a odborníky z oblasti školství k diskusím nejenom nad těmito tématy:</p>
<ul>
<li>role digitálních technologií ve vyučování matematiky,</li>
<li>vliv digitálních technologií na obsah vyučování,</li>
<li>role učitele při výuce podporované počítačem,</li>
<li>role digitální gramotnosti žáků a učitelů,</li>
<li>otázky rozvoje digitální gramotnosti při výuce matematiky,</li>
<li>vliv digitálních technologií na rozvoj matematické a finanční gramotnosti,</li>
<li>současné pojetí výuky matematiky.</li>
</ul>
<p>Referáty a diskuse k uvedeným tématům budou probíhat v sekcích:</p>
<ol>
<li>Výuka matematiky s podporou digitálních technologií, role matematiky v rozvoji digitální gramotnosti žáků, reflexe v revizi RVP.</li>
<li>STEM a polytechnické vzdělávání; realizace s podporou digitálních technologií.</li>
<li>Konkrétní softwarové nástroje pro podporu výuky matematiky; dynamické systémy (GeoGebra, Sketchometry, …), systémy počítačové algebry (Maple, Mathematica, wxMaxima, …).</li>
<li>Distanční výuka matematiky.</li>
<li>Ostatní aplikace a digitální zařízení pro podporu výuky matematiky; interaktivní tabule, dotyková zařízení apod.</li>
<li>Využití digitálních technologií v různých disciplínách aplikujících matematické postupy (finanční matematika, fyzika, informatika aj.).</li>
</ol>
<p>V rámci konference proběhnou workshopy pro začátečníky i pokročilé nejen k používání matematického softwaru, ale i k využití dalších technologií ve vzdělávání.</p>
<p>Do programu bude zařazen kulatý stůl na téma <em>Význam digitální gramotnosti žáků a učitelů pro potřeby výuky na základních a středních školách a cesty jejího rozvoje</em>, který bude věnován diskusi řešení aktuálních otázek souvisejících s již provedenými i připravovanými změnami RVP ZV.</p>
<p> </p>
<blockquote>
<p>Konference je akreditována MŠMT ČR jako součást dalšího vzdělávání učitelů (16 hodinový kurz v rámci šablon - matematická gramotnost).</p>
</blockquote>


<p></p>



<p></p>

<p>Toto je archivní stránka &#8211; možná hledáte aktuální ročník konference UPVM: https://www.pf.jcu.cz/upvm . Ve dnech od 11. do 13. listopadu 2021 pořádaly Katedra matematiky Pedagogické fakulty Jihočeské univerzity v Českých Budějovicích, Společnost učitelů matematiky JČMF a Jednota českých matematiků a fyziků, pobočný spolek České Budějovice v pořadí 10. ročník konference Užití počítačů ve výuce matematiky. Konference je &hellip; <a href="http://home.pf.jcu.cz/~upvm/2021/" class="more-link">Pokračovat ve čtení<span class="screen-reader-text"> &#8222;Úvod&#8220;</span></a></p>
