{"id":2,"date":"2007-02-23T20:09:14","date_gmt":"2007-02-23T19:09:14","guid":{"rendered":""},"modified":"2009-03-12T08:32:48","modified_gmt":"2009-03-12T07:32:48","slug":"about","status":"publish","type":"page","link":"http:\/\/home.pf.jcu.cz\/~upvvm\/2007\/?page_id=2","title":{"rendered":"O konferenci"},"content":{"rendered":"<p><texy><strong>Katedra matematiky<br \/>\nPedagogick\u00e1 fakulta Jiho\u010desk\u00e1 univerzita v \u010c. Bud\u011bjovic\u00edch<\/strong><br \/>\na<br \/>\n<strong>Spole\u010dnost u\u010ditel\u016f matematiky J\u010cMF<\/strong><br \/>\nV\u00e1s ve dnech 8. a\u017e 10. listopadu 2007 zvou do \u010cesk\u00fdch Bud\u011bjovic na t\u0159et\u00ed konferenci <\/p>\n<p>U\u017eit\u00ed po\u010d\u00edta\u010d\u016f ve v\u00fduce matematiky .<><br \/>\n==========================<\/p>\n<p><img decoding=\"async\" src=\"http:\/\/home.pf.jcu.cz\/~upvvm\/img\/logo_upvvm.jpg\" alt=\"Logo konference UPVM\" \/> .<><\/p>\n<p><strong>Konference se kon\u00e1 pod z\u00e1\u0161titou RNDr. Jana Zahradn\u00edka,<br \/>\nhejtmana Jiho\u010desk\u00e9ho kraje.<\/strong><\/p>\n<p>C\u00edlem t\u00e9to konference je shrom\u00e1\u017edit u\u010ditele matematiky z r\u016fzn\u00fdch typ\u016f \u0161kol a odborn\u00edky z oblasti \u0161kolstv\u00ed k diskus\u00edm nad t\u011bmito okruhy ot\u00e1zek:<\/p>\n<p>&#8211; Role po\u010d\u00edta\u010de ve vyu\u010dov\u00e1n\u00ed matematiky.<br \/>\n&#8211; Vliv po\u010d\u00edta\u010de na obsah vyu\u010dov\u00e1n\u00ed.<br \/>\n&#8211; Role u\u010ditele p\u0159i v\u00fduce podporovan\u00e9 po\u010d\u00edta\u010dem.<\/p>\n<p>Refer\u00e1ty a diskuse k uveden\u00fdm t\u00e9mat\u016fm budou prob\u00edhat v sekc\u00edch:<\/p>\n<p>1) Obecn\u00e9 ot\u00e1zky u\u017eit\u00ed po\u010d\u00edta\u010d\u016f ve v\u00fduce matematiky<br \/>\n2) Dynamick\u00e9 syst\u00e9my ve v\u00fduce matematiky (Cabri, Cinderella, Sketchpad, \u2026)<br \/>\n3) Syst\u00e9my po\u010d\u00edta\u010dov\u00e9 algebry (Derive, Maple, Mathematica, \u2026)<br \/>\n4) Ostatn\u00ed matematick\u00fd software v r\u016fzn\u00fdch matematick\u00fdch disciplin\u00e1ch<br \/>\n5) Syst\u00e9m matematick\u00e9ho vzd\u011bl\u00e1v\u00e1n\u00ed v RVP<\/p>\n<p>V r\u00e1mci konference prob\u011bhne workshop pro za\u010d\u00e1te\u010dn\u00edky i pokro\u010dil\u00e9 k pou\u017e\u00edv\u00e1n\u00ed softwaru: Cabri, Derive, Maple, Mathematica. <\/p>\n<p>**Programov\u00fd v\u00fdbor**<br \/>\n&#8211; Dr. Josef B\u00d6HM<br \/>\n&#8211; doc. RNDr. Eduard FUCHS, CSc.<br \/>\n&#8211; Mgr. Roman HA\u0160EK, Ph.D.<br \/>\n&#8211; doc. Ph.Dr. Alena HO\u0160PESOV\u00c1, Ph.D.<br \/>\n&#8211; prof. RNDr. Pavel PECH, CSc.<br \/>\n&#8211; RNDr. V\u00e1clav S\u00ddKORA, CSc.<\/p>\n","protected":false},"excerpt":{"rendered":"<p>Katedra matematiky Pedagogick\u00e1 fakulta Jiho\u010desk\u00e1 univerzita v \u010c. Bud\u011bjovic\u00edch a Spole\u010dnost u\u010ditel\u016f matematiky J\u010cMF V\u00e1s ve dnech 8. a\u017e 10. listopadu 2007 zvou do \u010cesk\u00fdch Bud\u011bjovic na t\u0159et\u00ed konferenci U\u017eit\u00ed po\u010d\u00edta\u010d\u016f ve v\u00fduce matematiky . ========================== . Konference se kon\u00e1 pod z\u00e1\u0161titou RNDr. Jana Zahradn\u00edka, hejtmana Jiho\u010desk\u00e9ho kraje. C\u00edlem t\u00e9to konference je shrom\u00e1\u017edit u\u010ditele matematiky [&hellip;]<\/p>\n","protected":false},"author":1,"featured_media":0,"parent":0,"menu_order":0,"comment_status":"closed","ping_status":"open","template":"","meta":{"footnotes":""},"class_list":["post-2","page","type-page","status-publish","hentry"],"_links":{"self":[{"href":"http:\/\/home.pf.jcu.cz\/~upvvm\/2007\/index.php?rest_route=\/wp\/v2\/pages\/2","targetHints":{"allow":["GET"]}}],"collection":[{"href":"http:\/\/home.pf.jcu.cz\/~upvvm\/2007\/index.php?rest_route=\/wp\/v2\/pages"}],"about":[{"href":"http:\/\/home.pf.jcu.cz\/~upvvm\/2007\/index.php?rest_route=\/wp\/v2\/types\/page"}],"author":[{"embeddable":true,"href":"http:\/\/home.pf.jcu.cz\/~upvvm\/2007\/index.php?rest_route=\/wp\/v2\/users\/1"}],"replies":[{"embeddable":true,"href":"http:\/\/home.pf.jcu.cz\/~upvvm\/2007\/index.php?rest_route=%2Fwp%2Fv2%2Fcomments&post=2"}],"version-history":[{"count":0,"href":"http:\/\/home.pf.jcu.cz\/~upvvm\/2007\/index.php?rest_route=\/wp\/v2\/pages\/2\/revisions"}],"wp:attachment":[{"href":"http:\/\/home.pf.jcu.cz\/~upvvm\/2007\/index.php?rest_route=%2Fwp%2Fv2%2Fmedia&parent=2"}],"curies":[{"name":"wp","href":"https:\/\/api.w.org\/{rel}","templated":true}]}}

<p><texy><strong>Katedra matematiky<br />
Pedagogická fakulta Jihočeská univerzita v Č. Budějovicích</strong><br />
a<br />
<strong>Společnost učitelů matematiky JČMF</strong><br />
Vás ve dnech 8. až 10. listopadu 2007 zvou do Českých Budějovic na třetí konferenci </p>
<p>Užití počítačů ve výuce matematiky .<><br />
==========================</p>
<p><img decoding="async" src="http://home.pf.jcu.cz/~upvvm/img/logo_upvvm.jpg" alt="Logo konference UPVM" /> .<></p>
<p><strong>Konference se koná pod záštitou RNDr. Jana Zahradníka,<br />
hejtmana Jihočeského kraje.</strong></p>
<p>Cílem této konference je shromáždit učitele matematiky z různých typů škol a odborníky z oblasti školství k diskusím nad těmito okruhy otázek:</p>
<p>&#8211; Role počítače ve vyučování matematiky.<br />
&#8211; Vliv počítače na obsah vyučování.<br />
&#8211; Role učitele při výuce podporované počítačem.</p>
<p>Referáty a diskuse k uvedeným tématům budou probíhat v sekcích:</p>
<p>1) Obecné otázky užití počítačů ve výuce matematiky<br />
2) Dynamické systémy ve výuce matematiky (Cabri, Cinderella, Sketchpad, …)<br />
3) Systémy počítačové algebry (Derive, Maple, Mathematica, …)<br />
4) Ostatní matematický software v různých matematických disciplinách<br />
5) Systém matematického vzdělávání v RVP</p>
<p>V rámci konference proběhne workshop pro začátečníky i pokročilé k používání softwaru: Cabri, Derive, Maple, Mathematica. </p>
<p>**Programový výbor**<br />
&#8211; Dr. Josef BÖHM<br />
&#8211; doc. RNDr. Eduard FUCHS, CSc.<br />
&#8211; Mgr. Roman HAŠEK, Ph.D.<br />
&#8211; doc. Ph.Dr. Alena HOŠPESOVÁ, Ph.D.<br />
&#8211; prof. RNDr. Pavel PECH, CSc.<br />
&#8211; RNDr. Václav SÝKORA, CSc.</p>

<p>Katedra matematiky Pedagogická fakulta Jihočeská univerzita v Č. Budějovicích a Společnost učitelů matematiky JČMF Vás ve dnech 8. až 10. listopadu 2007 zvou do Českých Budějovic na třetí konferenci Užití počítačů ve výuce matematiky . ========================== . Konference se koná pod záštitou RNDr. Jana Zahradníka, hejtmana Jihočeského kraje. Cílem této konference je shromáždit učitele matematiky [&hellip;]</p>
