{"id":21,"date":"2011-02-19T12:55:20","date_gmt":"2011-02-19T12:55:20","guid":{"rendered":"http:\/\/localhost\/upvvm\/2011\/?page_id=21"},"modified":"2013-07-18T09:49:05","modified_gmt":"2013-07-18T09:49:05","slug":"plenarni-prednasky","status":"publish","type":"page","link":"http:\/\/home.pf.jcu.cz\/~upvvm\/2013\/?page_id=21","title":{"rendered":"Plen\u00e1rn\u00ed p\u0159edn\u00e1\u0161ky"},"content":{"rendered":"<p><b>Nemoc formalizmu<\/b><br \/>\n<b>prof. RNDr. Milan Hejn\u00fd, CSc.<\/b><br \/>\nUniverzita Karlova v Praze, Pedagogick\u00e1 fakulta<br \/>\n[<a href=\"http:\/\/home.pf.jcu.cz\/~upvvm\/2013\/wp-content\/uploads\/2011\/02\/Milan_Hejny.pdf\" target=\"_blank\">Anotace p\u0159edn\u00e1\u0161ky<\/a>]<\/p>\n<p><b>GeoGebra3D<\/b><br \/>\n<b>Mag. Andreas Lindner<\/b><br \/>\nP\u00e4dagogische Hochschule O\u00d6, Linz<br \/>\n[<a href=\"http:\/\/home.pf.jcu.cz\/~upvvm\/2013\/wp-content\/uploads\/2011\/02\/Andreas_Lindner.pdf\" target=\"_blank\">Anotace p\u0159edn\u00e1\u0161ky<\/a>]<\/p>\n<p><b>Sketchometry and JSXGraph &#8211; Dynamic Geometry for mobile devices<\/b><br \/>\n<b>prof. Dr. Alfred Wassermann<\/b><br \/>\nUniversit\u00e4t Bayreuth, Mathematisches Institut<br \/>\n[<a href=\"http:\/\/home.pf.jcu.cz\/~upvvm\/2013\/wp-content\/uploads\/2011\/02\/Alfred_Wassermann.pdf\" target=\"_blank\">Anotace p\u0159edn\u00e1\u0161ky<\/a>]<\/p>\n<p><b>Vyu\u017eit\u00ed programu GeoGebra p\u0159i n\u00e1cviku odhad\u016f<\/b><br \/>\n<b>RNDr. Libu\u0161e Samkov\u00e1, Ph.D.<\/b><br \/>\nJiho\u010desk\u00e1 univerzita v \u010cesk\u00fdch Bud\u011bjovic\u00edch, Pedagogick\u00e1 fakulta<br \/>\n[<a href=\"http:\/\/home.pf.jcu.cz\/~upvvm\/2013\/wp-content\/uploads\/2011\/02\/Libuse_Samkova.pdf\" target=\"_blank\">Anotace p\u0159edn\u00e1\u0161ky<\/a>]<\/p>\n","protected":false},"excerpt":{"rendered":"<p>Nemoc formalizmu prof. RNDr. Milan Hejn\u00fd, CSc. Univerzita Karlova v Praze, Pedagogick\u00e1 fakulta [Anotace p\u0159edn\u00e1\u0161ky] GeoGebra3D Mag. Andreas Lindner P\u00e4dagogische Hochschule O\u00d6, Linz [Anotace p\u0159edn\u00e1\u0161ky] Sketchometry and JSXGraph &#8211; Dynamic Geometry for mobile devices prof. Dr. Alfred Wassermann Universit\u00e4t Bayreuth, Mathematisches Institut [Anotace p\u0159edn\u00e1\u0161ky] Vyu\u017eit\u00ed programu GeoGebra p\u0159i n\u00e1cviku odhad\u016f RNDr. Libu\u0161e Samkov\u00e1, Ph.D. Jiho\u010desk\u00e1 [&hellip;]<\/p>\n","protected":false},"author":1,"featured_media":0,"parent":0,"menu_order":0,"comment_status":"open","ping_status":"open","template":"","meta":{"footnotes":""},"class_list":["post-21","page","type-page","status-publish","hentry"],"_links":{"self":[{"href":"http:\/\/home.pf.jcu.cz\/~upvvm\/2013\/index.php?rest_route=\/wp\/v2\/pages\/21","targetHints":{"allow":["GET"]}}],"collection":[{"href":"http:\/\/home.pf.jcu.cz\/~upvvm\/2013\/index.php?rest_route=\/wp\/v2\/pages"}],"about":[{"href":"http:\/\/home.pf.jcu.cz\/~upvvm\/2013\/index.php?rest_route=\/wp\/v2\/types\/page"}],"author":[{"embeddable":true,"href":"http:\/\/home.pf.jcu.cz\/~upvvm\/2013\/index.php?rest_route=\/wp\/v2\/users\/1"}],"replies":[{"embeddable":true,"href":"http:\/\/home.pf.jcu.cz\/~upvvm\/2013\/index.php?rest_route=%2Fwp%2Fv2%2Fcomments&post=21"}],"version-history":[{"count":17,"href":"http:\/\/home.pf.jcu.cz\/~upvvm\/2013\/index.php?rest_route=\/wp\/v2\/pages\/21\/revisions"}],"predecessor-version":[{"id":205,"href":"http:\/\/home.pf.jcu.cz\/~upvvm\/2013\/index.php?rest_route=\/wp\/v2\/pages\/21\/revisions\/205"}],"wp:attachment":[{"href":"http:\/\/home.pf.jcu.cz\/~upvvm\/2013\/index.php?rest_route=%2Fwp%2Fv2%2Fmedia&parent=21"}],"curies":[{"name":"wp","href":"https:\/\/api.w.org\/{rel}","templated":true}]}}