{"id":225,"date":"2013-03-08T15:17:44","date_gmt":"2013-03-08T15:17:44","guid":{"rendered":"http:\/\/home.pf.jcu.cz\/~upvvm\/2013\/?page_id=225"},"modified":"2013-11-05T22:41:00","modified_gmt":"2013-11-05T22:41:00","slug":"doprovodny-program","status":"publish","type":"page","link":"http:\/\/home.pf.jcu.cz\/~upvvm\/2013\/?page_id=225","title":{"rendered":"Doprovodn\u00fd program"},"content":{"rendered":"<p>\u010ctvrte\u010dn\u00ed ve\u010der 7. listopadu je tradi\u010dn\u011b v\u011bnov\u00e1n proch\u00e1zce po \u010cesk\u00fdch Bud\u011bjovic\u00edch s v\u00fdkladem doc. PaedDr. Radko Chodury, CSc. o historii m\u011bsta a n\u011bkter\u00fdch jeho m\u00e9n\u011b zn\u00e1m\u00fdch, av\u0161ak pozoruhodn\u00fdch um\u011bleck\u00fdch a stavebn\u00edch pam\u00e1tk\u00e1ch. Tentokr\u00e1t je pozornost v\u011bnov\u00e1na p\u0159edev\u0161\u00edm katedr\u00e1le svat\u00e9ho Mikul\u00e1\u0161e a pohledu b\u011b\u017en\u00e9ho n\u00e1v\u0161t\u011bvn\u00edka m\u011bsta skryt\u00fdm gotick\u00fdm pam\u00e1tk\u00e1m na n\u00e1m\u011bst\u00ed P\u0159emysla Otakara II.<\/p>\n<p>V\u00fdchoz\u00ed bod: Samsonova ka\u0161na na n\u00e1m\u011bst\u00ed P\u0159emysla Otakara II. (48\u00b058&#8217;28.371&#8243;N, 14\u00b028&#8217;27.494&#8243;E).<\/p>\n<p>\u010cas: 19:00 hodin.<\/p>\n<p>&nbsp;<\/p>\n","protected":false},"excerpt":{"rendered":"<p>\u010ctvrte\u010dn\u00ed ve\u010der 7. listopadu je tradi\u010dn\u011b v\u011bnov\u00e1n proch\u00e1zce po \u010cesk\u00fdch Bud\u011bjovic\u00edch s v\u00fdkladem doc. PaedDr. Radko Chodury, CSc. o historii m\u011bsta a n\u011bkter\u00fdch jeho m\u00e9n\u011b zn\u00e1m\u00fdch, av\u0161ak pozoruhodn\u00fdch um\u011bleck\u00fdch a stavebn\u00edch pam\u00e1tk\u00e1ch. Tentokr\u00e1t je pozornost v\u011bnov\u00e1na p\u0159edev\u0161\u00edm katedr\u00e1le svat\u00e9ho Mikul\u00e1\u0161e a pohledu b\u011b\u017en\u00e9ho n\u00e1v\u0161t\u011bvn\u00edka m\u011bsta skryt\u00fdm gotick\u00fdm pam\u00e1tk\u00e1m na n\u00e1m\u011bst\u00ed P\u0159emysla Otakara II. V\u00fdchoz\u00ed bod: [&hellip;]<\/p>\n","protected":false},"author":2,"featured_media":0,"parent":0,"menu_order":0,"comment_status":"closed","ping_status":"closed","template":"","meta":{"footnotes":""},"class_list":["post-225","page","type-page","status-publish","hentry"],"_links":{"self":[{"href":"http:\/\/home.pf.jcu.cz\/~upvvm\/2013\/index.php?rest_route=\/wp\/v2\/pages\/225","targetHints":{"allow":["GET"]}}],"collection":[{"href":"http:\/\/home.pf.jcu.cz\/~upvvm\/2013\/index.php?rest_route=\/wp\/v2\/pages"}],"about":[{"href":"http:\/\/home.pf.jcu.cz\/~upvvm\/2013\/index.php?rest_route=\/wp\/v2\/types\/page"}],"author":[{"embeddable":true,"href":"http:\/\/home.pf.jcu.cz\/~upvvm\/2013\/index.php?rest_route=\/wp\/v2\/users\/2"}],"replies":[{"embeddable":true,"href":"http:\/\/home.pf.jcu.cz\/~upvvm\/2013\/index.php?rest_route=%2Fwp%2Fv2%2Fcomments&post=225"}],"version-history":[{"count":4,"href":"http:\/\/home.pf.jcu.cz\/~upvvm\/2013\/index.php?rest_route=\/wp\/v2\/pages\/225\/revisions"}],"predecessor-version":[{"id":305,"href":"http:\/\/home.pf.jcu.cz\/~upvvm\/2013\/index.php?rest_route=\/wp\/v2\/pages\/225\/revisions\/305"}],"wp:attachment":[{"href":"http:\/\/home.pf.jcu.cz\/~upvvm\/2013\/index.php?rest_route=%2Fwp%2Fv2%2Fmedia&parent=225"}],"curies":[{"name":"wp","href":"https:\/\/api.w.org\/{rel}","templated":true}]}}

Doprovodný program

<p>Čtvrteční večer 7. listopadu je tradičně věnován procházce po Českých Budějovicích s výkladem doc. PaedDr. Radko Chodury, CSc. o historii města a některých jeho méně známých, avšak pozoruhodných uměleckých a stavebních památkách. Tentokrát je pozornost věnována především katedrále svatého Mikuláše a pohledu běžného návštěvníka města skrytým gotickým památkám na náměstí Přemysla Otakara II.</p>
<p>Výchozí bod: Samsonova kašna na náměstí Přemysla Otakara II. (48°58&#8217;28.371&#8243;N, 14°28&#8217;27.494&#8243;E).</p>
<p>Čas: 19:00 hodin.</p>
<p>&nbsp;</p>

<p>Čtvrteční večer 7. listopadu je tradičně věnován procházce po Českých Budějovicích s výkladem doc. PaedDr. Radko Chodury, CSc. o historii města a některých jeho méně známých, avšak pozoruhodných uměleckých a stavebních památkách. Tentokrát je pozornost věnována především katedrále svatého Mikuláše a pohledu běžného návštěvníka města skrytým gotickým památkám na náměstí Přemysla Otakara II. Výchozí bod: [&hellip;]</p>
