{"id":270,"date":"2013-06-25T08:54:44","date_gmt":"2013-06-25T08:54:44","guid":{"rendered":"http:\/\/home.pf.jcu.cz\/~upvvm\/2013\/?page_id=270"},"modified":"2013-06-25T12:31:46","modified_gmt":"2013-06-25T12:31:46","slug":"english-info","status":"publish","type":"page","link":"http:\/\/home.pf.jcu.cz\/~upvvm\/2013\/?page_id=270","title":{"rendered":"English info"},"content":{"rendered":"<p>Department of Mathematics of the Faculty of Education, University of South Bohemia in \u010cesk\u00e9 Bud\u011bjovice together with Society of Mathematics Teachers (SUMA J\u010cMF) organize the 6th conference<\/p>\n<h3 style=\"text-align: center;\">The Use of Computers in Mathematics Education<\/h3>\n<p style=\"text-align: center;\"><b>November 7 \u2013 9, 2013<\/b><br \/>\n(<a href=\"http:\/\/home.pf.jcu.cz\/~upvvm\/2013\/wp-content\/uploads\/2013\/06\/UCME2013-information.pdf\" target=\"_blank\">conference information leaflet in pdf<\/a>)<\/p>\n<p style=\"text-align: left;\">The conference &#8222;The Use of Computers in Mathematics Education&#8220; is a biennial conference. It gives the participants (mathematics teachers across different school levels, educational experts and teacher educators) the opportunity to share their experience with the use of informational technologies in mathematics education. The conference is organized in the form of presentations, workshops and plenary lectures.<\/p>\n<p><b>Conference topics<\/b><\/p>\n<ul>\n<li>the role of a computer in mathematics education,<\/li>\n<li>influence of the use of computers on the educational content,<\/li>\n<li>the role of a teacher in the computer assisted education,<\/li>\n<li>influence of the use of computers on the development of the mathematical and financial literacy.<\/li>\n<\/ul>\n<p>The conference topics will be discussed in the following sections:<\/p>\n<ol>\n<li>General issues of the use of computers in mathematics education<\/li>\n<li>Dynamic geometry systems in mathematics education (Cabri, Cinderella, GeoGebra, \u2026)<\/li>\n<li>Computer algebra systems in mathematics education (Maple, Mathematica, wxMaxima\u2026)<\/li>\n<li>Other mathematical software and smart boards in application of mathematics (Financial mathematics, STEM, etc.).<\/li>\n<\/ol>\n<p align=\"left\">During the conference, workshops on the use of particular mathematical software (e.g. GeoGebra, wxMaxima) will be organized.<\/p>\n<p><b>Plenary Lectures<\/b><\/p>\n<p>One of the three plenary lectures, entitled \u201cSketchometry and JSXGraph \u2013 Dynamic Geometry for mobile devices\u201d, will be given in English by prof. Dr. Alfred Wassermann from Universit\u00e4t Bayreuth. The remaining plenary lectures will be given by prof. RNDr. Milan Hejn\u00fd, CSc. (Charles University in Prague) and RNDr. Libu\u0161e Samkov\u00e1, Ph.D. (University of South Bohemia) in Czech.<\/p>\n<h4>Conference fee, accommodation and food<\/h4>\n<p align=\"left\">Discounted conference fee (to be paid by 15<sup>th<\/sup> September): 700 CZK<\/p>\n<p align=\"left\">Full conference fee (paid after 15<sup>th<\/sup> September): 800 CZK (Czech Crown)<\/p>\n<p>Payment is possible in advance (ask organizers for the necessary information) or in place (cash).<\/p>\n<p>Reservation and payment of accommodation are not covered by the conference registration system. The organizers have preliminarily reserved rooms at lower &#8222;conference&#8220; prices in two hotels (see the conference web page or send an e-mail to the organizers).<\/p>\n<p>The conference food is served in the university cafeteria. Selection of daily meals (lunch, supper) can be made within the registration system on the conference web page (see below). Price of the conference food is not covered by the conference fee!<\/p>\n<p><b>Registration<\/b><\/p>\n<p align=\"left\">Registration is realized via the registration form on the conference web page.<\/p>\n<p align=\"left\">Selected contribution will be published in the journal South Bohemia Mathematical Letters (<a href=\"http:\/\/home.pf.jcu.cz\/~sbml\">http:\/\/home.pf.jcu.cz\/~sbml<\/a>).<\/p>\n<p><b>Conference Venue<\/b><\/p>\n<p align=\"left\">Conference hall of the University of South Bohemia<br \/>\n(informally called \u201cBob\u00edk\u201d)<br \/>\nStudentsk\u00e1 800\/15, \u010cty\u0159i Dvory, \u010cesk\u00e9 Bud\u011bjovice<br \/>\nGPS: 48\u00b058&#8217;40.613&#8243;N, 14\u00b026&#8217;59.002&#8243;E<\/p>\n<p><b>Important Dates and Deadlines<\/b><\/p>\n<p>August 31 &#8211; Abstract of contributed talks and workshops (about 12 lines)<br \/>\nSeptember 15 &#8211; Discounted registration fee<br \/>\nNovember 7 &#8211; Conference opening (10:00 a.m.)<br \/>\nNovember 24 &#8211; Full paper contribution<\/p>\n<p>&nbsp;<\/p>\n<p align=\"left\"><b>Contact address<\/b><\/p>\n<p align=\"left\">doc. RNDr. Helena Binterov\u00e1, Ph.D.<\/p>\n<p align=\"left\">Pedagogick\u00e1 fakulta\u00a0 JU v\u00a0\u010c. Bud\u011bjovic\u00edch<br \/>\nJeron\u00fdmova 10,<br \/>\n371 15 \u010cesk\u00e9 Bud\u011bjovice<br \/>\ntel.: 387773087, 604\u00a0978\u00a0864<\/p>\n<p>e-mail: <a href=\"mailto:hbinter@pf.jcu.cz\">hbinter@pf.jcu.cz<\/a><\/p>\n<p>&nbsp;<\/p>\n<p>&nbsp;<\/p>\n<p>&nbsp;<\/p>\n","protected":false},"excerpt":{"rendered":"<p>Department of Mathematics of the Faculty of Education, University of South Bohemia in \u010cesk\u00e9 Bud\u011bjovice together with Society of Mathematics Teachers (SUMA J\u010cMF) organize the 6th conference The Use of Computers in Mathematics Education November 7 \u2013 9, 2013 (conference information leaflet in pdf) The conference &#8222;The Use of Computers in Mathematics Education&#8220; is a [&hellip;]<\/p>\n","protected":false},"author":2,"featured_media":0,"parent":0,"menu_order":0,"comment_status":"closed","ping_status":"closed","template":"","meta":{"footnotes":""},"class_list":["post-270","page","type-page","status-publish","hentry"],"_links":{"self":[{"href":"http:\/\/home.pf.jcu.cz\/~upvvm\/2013\/index.php?rest_route=\/wp\/v2\/pages\/270","targetHints":{"allow":["GET"]}}],"collection":[{"href":"http:\/\/home.pf.jcu.cz\/~upvvm\/2013\/index.php?rest_route=\/wp\/v2\/pages"}],"about":[{"href":"http:\/\/home.pf.jcu.cz\/~upvvm\/2013\/index.php?rest_route=\/wp\/v2\/types\/page"}],"author":[{"embeddable":true,"href":"http:\/\/home.pf.jcu.cz\/~upvvm\/2013\/index.php?rest_route=\/wp\/v2\/users\/2"}],"replies":[{"embeddable":true,"href":"http:\/\/home.pf.jcu.cz\/~upvvm\/2013\/index.php?rest_route=%2Fwp%2Fv2%2Fcomments&post=270"}],"version-history":[{"count":14,"href":"http:\/\/home.pf.jcu.cz\/~upvvm\/2013\/index.php?rest_route=\/wp\/v2\/pages\/270\/revisions"}],"predecessor-version":[{"id":291,"href":"http:\/\/home.pf.jcu.cz\/~upvvm\/2013\/index.php?rest_route=\/wp\/v2\/pages\/270\/revisions\/291"}],"wp:attachment":[{"href":"http:\/\/home.pf.jcu.cz\/~upvvm\/2013\/index.php?rest_route=%2Fwp%2Fv2%2Fmedia&parent=270"}],"curies":[{"name":"wp","href":"https:\/\/api.w.org\/{rel}","templated":true}]}}