{"id":85,"date":"2020-09-21T14:29:06","date_gmt":"2020-09-21T12:29:06","guid":{"rendered":"http:\/\/home.pf.jcu.cz\/~stem\/?page_id=85"},"modified":"2020-09-30T00:06:56","modified_gmt":"2020-09-29T22:06:56","slug":"contact","status":"publish","type":"page","link":"https:\/\/home.pf.jcu.cz\/~stem\/2020\/?page_id=85&lang=en","title":{"rendered":"Contact"},"content":{"rendered":"\n<p>doc. RNDr. Vladim\u00edra Petr\u00e1\u0161kov\u00e1, Ph.D., petrasek@pf.jcu.cz<\/p>\n\n\n\n<p>Mgr. Roman Ha\u0161ek, Ph.D., hasek@pf.jcu.cz<\/p>\n\n\n\n<p>University of South Bohemia in \u010cesk\u00e9 Bud\u011bjovice<br>Faculty of Education<br>Department of Mathematics<br>Jeron\u00fdmova 10<br>371 15 \u010cesk\u00e9 Bud\u011bjovice<br>Czech Republic<\/p>\n","protected":false},"excerpt":{"rendered":"<p>doc. RNDr. Vladim\u00edra Petr\u00e1\u0161kov\u00e1, Ph.D., petrasek@pf.jcu.cz Mgr. Roman Ha\u0161ek, Ph.D., hasek@pf.jcu.cz University of South Bohemia in \u010cesk\u00e9 Bud\u011bjoviceFaculty of EducationDepartment of MathematicsJeron\u00fdmova 10371 15 \u010cesk\u00e9 Bud\u011bjoviceCzech Republic<\/p>\n","protected":false},"author":1,"featured_media":0,"parent":0,"menu_order":0,"comment_status":"closed","ping_status":"closed","template":"","meta":{"footnotes":""},"class_list":["post-85","page","type-page","status-publish","hentry"],"_links":{"self":[{"href":"https:\/\/home.pf.jcu.cz\/~stem\/2020\/index.php?rest_route=\/wp\/v2\/pages\/85","targetHints":{"allow":["GET"]}}],"collection":[{"href":"https:\/\/home.pf.jcu.cz\/~stem\/2020\/index.php?rest_route=\/wp\/v2\/pages"}],"about":[{"href":"https:\/\/home.pf.jcu.cz\/~stem\/2020\/index.php?rest_route=\/wp\/v2\/types\/page"}],"author":[{"embeddable":true,"href":"https:\/\/home.pf.jcu.cz\/~stem\/2020\/index.php?rest_route=\/wp\/v2\/users\/1"}],"replies":[{"embeddable":true,"href":"https:\/\/home.pf.jcu.cz\/~stem\/2020\/index.php?rest_route=%2Fwp%2Fv2%2Fcomments&post=85"}],"version-history":[{"count":2,"href":"https:\/\/home.pf.jcu.cz\/~stem\/2020\/index.php?rest_route=\/wp\/v2\/pages\/85\/revisions"}],"predecessor-version":[{"id":113,"href":"https:\/\/home.pf.jcu.cz\/~stem\/2020\/index.php?rest_route=\/wp\/v2\/pages\/85\/revisions\/113"}],"wp:attachment":[{"href":"https:\/\/home.pf.jcu.cz\/~stem\/2020\/index.php?rest_route=%2Fwp%2Fv2%2Fmedia&parent=85"}],"curies":[{"name":"wp","href":"https:\/\/api.w.org\/{rel}","templated":true}]}}