{"id":735,"date":"2024-03-08T16:25:30","date_gmt":"2024-03-08T15:25:30","guid":{"rendered":"https:\/\/home.pf.jcu.cz\/~stem\/2024\/?page_id=735"},"modified":"2024-03-08T16:35:33","modified_gmt":"2024-03-08T15:35:33","slug":"minule-rocniky-konference","status":"publish","type":"page","link":"https:\/\/home.pf.jcu.cz\/~stem\/2024\/minule-rocniky-konference\/","title":{"rendered":"Minul\u00e9 ro\u010dn\u00edky konference"},"content":{"rendered":"\n<p><a href=\"https:\/\/home.pf.jcu.cz\/~stem\/2020\/\" target=\"_blank\" rel=\"noreferrer noopener\">2020: 1. konference STEM vzd\u011bl\u00e1v\u00e1n\u00ed<\/a><\/p>\n\n\n\n<p><a href=\"https:\/\/home.pf.jcu.cz\/~stem\/2022\" target=\"_blank\" rel=\"noreferrer noopener\">2022: 2. konference STEM vzd\u011bl\u00e1v\u00e1n\u00ed<\/a><\/p>\n","protected":false},"excerpt":{"rendered":"<p>2020: 1. konference STEM vzd\u011bl\u00e1v\u00e1n\u00ed 2022: 2. konference STEM vzd\u011bl\u00e1v\u00e1n\u00ed<\/p>\n","protected":false},"author":2,"featured_media":0,"parent":0,"menu_order":0,"comment_status":"closed","ping_status":"closed","template":"","meta":{"footnotes":""},"class_list":["post-735","page","type-page","status-publish","hentry"],"_links":{"self":[{"href":"https:\/\/home.pf.jcu.cz\/~stem\/2024\/wp-json\/wp\/v2\/pages\/735","targetHints":{"allow":["GET"]}}],"collection":[{"href":"https:\/\/home.pf.jcu.cz\/~stem\/2024\/wp-json\/wp\/v2\/pages"}],"about":[{"href":"https:\/\/home.pf.jcu.cz\/~stem\/2024\/wp-json\/wp\/v2\/types\/page"}],"author":[{"embeddable":true,"href":"https:\/\/home.pf.jcu.cz\/~stem\/2024\/wp-json\/wp\/v2\/users\/2"}],"replies":[{"embeddable":true,"href":"https:\/\/home.pf.jcu.cz\/~stem\/2024\/wp-json\/wp\/v2\/comments?post=735"}],"version-history":[{"count":2,"href":"https:\/\/home.pf.jcu.cz\/~stem\/2024\/wp-json\/wp\/v2\/pages\/735\/revisions"}],"predecessor-version":[{"id":742,"href":"https:\/\/home.pf.jcu.cz\/~stem\/2024\/wp-json\/wp\/v2\/pages\/735\/revisions\/742"}],"wp:attachment":[{"href":"https:\/\/home.pf.jcu.cz\/~stem\/2024\/wp-json\/wp\/v2\/media?parent=735"}],"curies":[{"name":"wp","href":"https:\/\/api.w.org\/{rel}","templated":true}]}}