{"id":140,"date":"2020-09-12T22:48:27","date_gmt":"2020-09-12T20:48:27","guid":{"rendered":"http:\/\/home.pf.jcu.cz\/~stem\/?page_id=2"},"modified":"2026-04-14T21:38:27","modified_gmt":"2026-04-14T19:38:27","slug":"zkusebni-stranka-2","status":"publish","type":"page","link":"https:\/\/home.pf.jcu.cz\/~stem\/2026\/","title":{"rendered":"Konference STEM vzd\u011bl\u00e1v\u00e1n\u00ed"},"content":{"rendered":"\n<h4 class=\"wp-block-heading\" id=\"6-8-october-2020\">26.\u201327. listopadu 2026<\/h4>\n\n\n\n<p>\u010ctvrt\u00e1 konference v\u011bnovan\u00e1 STEM (Science, Technology, Engineering, and Mathematics) vzd\u011bl\u00e1v\u00e1n\u00ed je na Pedagogick\u00e9 fakult\u011b Jiho\u010desk\u00e9 univerzity v&nbsp;\u010cesk\u00fdch Bud\u011bjovic\u00edch po\u0159\u00e1d\u00e1na s&nbsp;c\u00edlem shrom\u00e1\u017edit u\u010ditele z\u00e1kladn\u00edch a st\u0159edn\u00edch \u0161kol a dom\u00e1c\u00ed i&nbsp;zahrani\u010dn\u00ed vysoko\u0161kolsk\u00e9 odborn\u00edky v oblastech STEM a v&nbsp;p\u0159\u00edprav\u011b u\u010ditel\u016f souvisej\u00edc\u00edch discipl\u00edn k v\u00fdm\u011bn\u011b zku\u0161enost\u00ed a ke spole\u010dn\u00e9 diskusi nad teoretick\u00fdmi v\u00fdchodisky, organiza\u010dn\u00edmi postupy a o\u010dek\u00e1van\u00fdmi c\u00edli implementace princip\u016f STEM vzd\u011bl\u00e1v\u00e1n\u00ed do kurikula z\u00e1kladn\u00ed a st\u0159edn\u00ed \u0161koly a do p\u0159\u00edpravy budouc\u00edch u\u010ditel\u016f souvisej\u00edc\u00edch p\u0159edm\u011bt\u016f.<\/p>\n\n\n\n<p><strong>Dvoudenn\u00ed konference se kon\u00e1 ve dnech 26. a 27. listopadu 2026 v&nbsp;prostor\u00e1ch Pedagogick\u00e9 fakulty Jiho\u010desk\u00e9 univerzity v \u010cesk\u00fdch Bud\u011bjovic\u00edch, konkr\u00e9tn\u011b v&nbsp;budov\u00e1ch Dukelsk\u00e1 9 a Jeron\u00fdmova 10 (<a href=\"https:\/\/www.google.com\/maps\/d\/edit?mid=1Y_9h2NQXSVNgkcOq-1mL7zpHfcY8kd8&amp;usp=sharing\" target=\"_blank\" rel=\"noreferrer noopener\">mapa<\/a>).<\/strong><\/p>\n\n\n\n<p><\/p>\n\n\n\n<p><strong>Konference je akreditov\u00e1na Jednotou \u010desk\u00fdch matematik\u016f a fyzik\u016f jako akce pr\u016fb\u011b\u017en\u00e9ho vzd\u011bl\u00e1v\u00e1n\u00ed pedagogick\u00fdch pracovn\u00edk\u016f v rozsahu 16 hodin pod \u010d. j.: JCMF 01 AKR 04003 2026.<\/strong><\/p>\n\n\n\n<p><strong>Vlo\u017en\u00e9 na konferenci je 1500 K\u010d.<\/strong><\/p>\n\n\n\n<p><strong>Jednac\u00edmi jazyky jsou \u010de\u0161tina a angli\u010dtina.<\/strong> <\/p>\n\n\n\n<h5 class=\"wp-block-heading\">D\u016fle\u017eit\u00e9 term\u00edny<\/h5>\n\n\n<p><i>Konkr\u00e9tn\u00ed term\u00edny rozhoduj\u00edc\u00ed pro \u00fa\u010dast na konferenci budou v\u010das up\u0159esn\u011bny<\/i><\/p>\n\n\n<ul class=\"wp-block-list\">\n<li><strong>od 27. 4. \u2013 spu\u0161t\u011bna registrace<\/strong>, viz <a href=\"https:\/\/home.pf.jcu.cz\/~stem\/2026\/index.php\/registrace\/\" target=\"_blank\" rel=\"noreferrer noopener\">Registrace<\/a><\/li>\n\n\n\n<li><strong>do 30. 9. \u2013 p\u0159ihl\u00e1\u0161en\u00ed p\u0159\u00edsp\u011bvku<\/strong> (15+5 minut), <strong>workshopu<\/strong> (60\u201390 minut) nebo <strong>posteru<\/strong> zasl\u00e1n\u00edm anotace (v rozsahu 800\u20131500 znak\u016f, po\u010d\u00edt\u00e1no bez mezer)<\/li>\n\n\n\n<li><strong>26. 11. \u2013 zah\u00e1jen\u00ed konference<\/strong><\/li>\n\n\n\n<li>27. 11. \u2013 ukon\u010den\u00ed konference<\/li>\n<\/ul>\n\n\n\n<h5 class=\"wp-block-heading\" id=\"conference-format\">Plen\u00e1rn\u00ed p\u0159edn\u00e1\u0161ej\u00edc\u00ed<\/h5>\n\n\n\n<ul class=\"wp-block-list\">\n<li><a href=\"https:\/\/home.pf.jcu.cz\/~stem\/2026\/index.php\/2026\/04\/09\/ludek-berec\/\" target=\"_blank\" rel=\"noreferrer noopener\">doc. Ing. Lud\u011bk Berec, Dr.<\/a><br><em>Jiho\u010desk\u00e1 univerzita v \u010cesk\u00fdch Bud\u011bjovic\u00edch<\/em><br><a href=\"https:\/\/home.pf.jcu.cz\/~stem\/2026\/index.php\/2026\/04\/09\/kdyz-se-virus-potka-s-rovnicemi\/\" target=\"_blank\" rel=\"noreferrer noopener\">Kdy\u017e se virus potk\u00e1 s rovnicemi<\/a>&nbsp;<\/li>\n\n\n\n<li><a href=\"https:\/\/home.pf.jcu.cz\/~stem\/2026\/index.php\/2026\/04\/09\/miroslav-sebo\/\" target=\"_blank\" rel=\"noreferrer noopener\">Mgr. Miroslav \u0160ebo, PhD.<\/a><br><em>Univerzita Kon\u0161tant\u00edna Filozofa v Nitre<\/em><br><a href=\"https:\/\/home.pf.jcu.cz\/~stem\/2026\/index.php\/2026\/04\/09\/interdisciplinarne-stem-projekty-s-mikrokontrolermi-a-moznosti-vyuzitia-ai-vo-vzdelavani\/\" target=\"_blank\" rel=\"noreferrer noopener\">Interdisciplin\u00e1rne STEM projekty s mikrokontrol\u00e9rmi a mo\u017enosti vyu\u017eitia AI vo vzdel\u00e1van\u00ed<\/a><\/li>\n\n\n\n<li><a href=\"https:\/\/home.pf.jcu.cz\/~stem\/2026\/index.php\/2026\/04\/10\/petr-smejkal\/\" target=\"_blank\" rel=\"noreferrer noopener\">doc. RNDr. Petr \u0160mejkal, Ph.D.<\/a><br><em>Univerzita Karlova v Praze<\/em><br><a href=\"https:\/\/home.pf.jcu.cz\/~stem\/2026\/index.php\/2026\/04\/10\/virtualni-realita-ve-vyuce-prirodovednych-predmetu-vyzva-nebo-prilezitost\/\" target=\"_blank\" rel=\"noreferrer noopener\">Virtu\u00e1ln\u00ed realita ve v\u00fduce&nbsp;<em>p\u0159\u00edrodov\u011bdn\u00fdch p\u0159edm\u011bt\u016f<\/em>: v\u00fdzva, nebo p\u0159\u00edle\u017eitost?<\/a><\/li>\n<\/ul>\n\n\n\n<h5 class=\"wp-block-heading\">Zvan\u00e9 workshopy<\/h5>\n\n\n\n<ul class=\"wp-block-list\">\n<li><a href=\"https:\/\/home.pf.jcu.cz\/~stem\/2026\/index.php\/2026\/04\/13\/ozobots-in-stem\/\" target=\"_blank\" rel=\"noreferrer noopener\">Ozobots in STEM<\/a><br><a href=\"https:\/\/home.pf.jcu.cz\/~stem\/2026\/index.php\/2026\/04\/13\/eva-schmidthaler\/\" target=\"_blank\" rel=\"noreferrer noopener\">Mag. Eva Schmidthaler, PhD<\/a>, <em>Johannes Kepler University Linz<\/em><\/li>\n<\/ul>\n\n\n\n<h5 class=\"wp-block-heading\">Form\u00e1t konference<\/h5>\n\n\n\n<p>Konference bude po\u0159\u00e1d\u00e1na prezen\u010dn\u00ed formou.   <\/p>\n\n\n\n<h5 class=\"wp-block-heading\">Podpora<\/h5>\n\n\n\n<p>Konference je organizov\u00e1na za podpory Jiho\u010desk\u00e9 univerzity v \u010cesk\u00fdch Bud\u011bjovic\u00edch a Jednoty \u010desk\u00fdch matematik\u016f a fyzik\u016f.<\/p>\n\n\n\n<h5 class=\"wp-block-heading\">Programov\u00fd v\u00fdbor konference<\/h5>\n\n\n\n<p>Mgr. Roman Ha\u0161ek, Ph.D.<br>doc. RNDr. Helena Koldov\u00e1, Ph.D.<br>doc. RNDr. Stanislav Kraft, Ph.D.<br>RNDr. Pavel K\u0159\u00ed\u017e, Ph.D.<br>doc. RNDr. Vladim\u00edra Petr\u00e1\u0161kov\u00e1, Ph.D.<br>Mgr. Luk\u00e1\u0161 Rokos, Ph.D.<br>doc. RNDr. Libu\u0161e Samkov\u00e1, Ph.D.<br>doc. PaedDr. Ji\u0159\u00ed Van\u00ed\u010dek, Ph.D.<br>prof. David C. Webb, Ph.D.<\/p>\n\n\n\n<h5 class=\"wp-block-heading\">Organiza\u010dn\u00ed v\u00fdbor konference<\/h5>\n\n\n\n<p>Mgr. Roman Ha\u0161ek, Ph.D.<br>RNDr. Marika Hrube\u0161ov\u00e1, Ph.D.<br>RNDr. Pavel K\u0159\u00ed\u017e, Ph.D.<br>doc. RNDr. Vladim\u00edra Petr\u00e1\u0161kov\u00e1, Ph.D.<br>Mgr. Luk\u00e1\u0161 Rokos, Ph.D.<br>RNDr. Tom\u00e1\u0161 Roskovec, Ph.D.<br>doc. RNDr. Libu\u0161e Samkov\u00e1, Ph.D.<br><\/p>\n\n\n\n<p class=\"has-text-align-right\"><\/p>\n","protected":false},"excerpt":{"rendered":"<p>26.\u201327. listopadu 2026 \u010ctvrt\u00e1 konference v\u011bnovan\u00e1 STEM (Science, Technology, Engineering, and Mathematics) vzd\u011bl\u00e1v\u00e1n\u00ed je na Pedagogick\u00e9 fakult\u011b Jiho\u010desk\u00e9 univerzity v&nbsp;\u010cesk\u00fdch Bud\u011bjovic\u00edch po\u0159\u00e1d\u00e1na s&nbsp;c\u00edlem shrom\u00e1\u017edit u\u010ditele z\u00e1kladn\u00edch a st\u0159edn\u00edch \u0161kol a dom\u00e1c\u00ed i&nbsp;zahrani\u010dn\u00ed vysoko\u0161kolsk\u00e9 odborn\u00edky v oblastech STEM a v&nbsp;p\u0159\u00edprav\u011b u\u010ditel\u016f souvisej\u00edc\u00edch discipl\u00edn k v\u00fdm\u011bn\u011b zku\u0161enost\u00ed a ke spole\u010dn\u00e9 diskusi nad teoretick\u00fdmi v\u00fdchodisky, organiza\u010dn\u00edmi postupy a [&hellip;]<\/p>\n","protected":false},"author":1,"featured_media":0,"parent":0,"menu_order":0,"comment_status":"closed","ping_status":"open","template":"","meta":{"footnotes":""},"class_list":["post-140","page","type-page","status-publish","hentry"],"_links":{"self":[{"href":"https:\/\/home.pf.jcu.cz\/~stem\/2026\/index.php\/wp-json\/wp\/v2\/pages\/140","targetHints":{"allow":["GET"]}}],"collection":[{"href":"https:\/\/home.pf.jcu.cz\/~stem\/2026\/index.php\/wp-json\/wp\/v2\/pages"}],"about":[{"href":"https:\/\/home.pf.jcu.cz\/~stem\/2026\/index.php\/wp-json\/wp\/v2\/types\/page"}],"author":[{"embeddable":true,"href":"https:\/\/home.pf.jcu.cz\/~stem\/2026\/index.php\/wp-json\/wp\/v2\/users\/1"}],"replies":[{"embeddable":true,"href":"https:\/\/home.pf.jcu.cz\/~stem\/2026\/index.php\/wp-json\/wp\/v2\/comments?post=140"}],"version-history":[{"count":27,"href":"https:\/\/home.pf.jcu.cz\/~stem\/2026\/index.php\/wp-json\/wp\/v2\/pages\/140\/revisions"}],"predecessor-version":[{"id":995,"href":"https:\/\/home.pf.jcu.cz\/~stem\/2026\/index.php\/wp-json\/wp\/v2\/pages\/140\/revisions\/995"}],"wp:attachment":[{"href":"https:\/\/home.pf.jcu.cz\/~stem\/2026\/index.php\/wp-json\/wp\/v2\/media?parent=140"}],"curies":[{"name":"wp","href":"https:\/\/api.w.org\/{rel}","templated":true}]}}