

{"id":290,"date":"2022-04-17T01:08:42","date_gmt":"2022-04-16T23:08:42","guid":{"rendered":"http:\/\/home.pf.jcu.cz\/~stem\/?page_id=290"},"modified":"2022-04-17T01:08:42","modified_gmt":"2022-04-16T23:08:42","slug":"registrace","status":"publish","type":"page","link":"https:\/\/home.pf.jcu.cz\/~stem\/2026\/index.php\/registrace\/","title":{"rendered":"Registrace"},"content":{"rendered":"\n\t\t <form action=\"https:\/\/home.pf.jcu.cz\/~stem\/2026\/wp-admin\/admin-post.php?lang=cs_CZ\" method=\"post\" enctype=\"multipart\/form-data\" id=\"formPrihlaska\">\r\n\t\t\t<input type=\"hidden\" name=\"action\" value=\"registrace_nova_prihlaska\">\r\n\t\t\t<table class=\"registracni_formular\">\r\n\r\n\t\t\t\t<tr>\r\n\t\t\t\t\t<td colspan=\"3\" class=\"header\">\u00da\u010dastn\u00edk\t\t\t\t\t\t<input type=\"hidden\" name=\"id_ucastnika\" value=\"0\" \/>\r\n\t\t\t\t\t\t<input type=\"hidden\" name=\"akce_form\" value=\"nova_prihlaska\" \/>\r\n\t\t\t\t\t<\/td>\r\n\t\t\t\t<\/tr>\r\n\r\n\t\t\t\t<tr>\r\n\t\t\t\t\t<td class=\"smallheader\"><label for=\"jmeno\">Jm\u00e9no:<\/label><\/td>\r\n\t\t\t\t\t<td colspan=\"2\">\r\n\t\t\t\t\t\t<input id=\"jmeno\" type=\"text\" name=\"jmeno\" value=\"\" class=\"text\" required\t\/>\r\n\t\t\t\t\t<\/td>\r\n\t\t\t\t<\/tr>\r\n\t\t\t\t<tr>\r\n\t\t\t\t\t<td class=\"smallheader\">\r\n\t\t\t\t\t\t<label for=\"prijmeni\">P\u0159\u00edjmen\u00ed:<\/label>\r\n\t\t\t\t\t<\/td>\r\n\r\n\t\t\t\t\t<td colspan=\"2\">\r\n\t\t\t\t\t\t<input id=\"prijmeni\" type=\"text\" name=\"prijmeni\" value=\"\" class=\"text\" required \/>\r\n\t\t\t\t\t<\/td>\r\n\t\t\t\t<\/tr>\r\n\t\t\t\t<tr>\r\n\t\t\t\t\t<td class=\"smallheader\"><label for=\"titul\">Titul(y):<\/label><\/td>\r\n\t\t\t\t\t<td colspan=\"2\">\r\n\t\t\t\t\t\t<input id=\"titul\" type=\"text\" name=\"titul\" value=\"\" class=\"text\" \/>\r\n\t\t\t\t\t<\/td>\r\n\t\t\t\t<\/tr>\r\n\t\t\t\t<tr>\r\n\t\t\t\t\t<td class=\"smallheader\"><label for=\"email\">E-mail:<\/label><\/td>\r\n\t\t\t\t\t<td colspan=\"2\">\r\n\t\t\t\t\t\t<input id=\"email\" type=\"email\" name=\"email\" value=\"\" class=\"text\"  required \/>\t\r\n\t\t\t\t\t<\/td>\r\n\t\t\t\t<\/tr>\r\n                                        <tr>\r\n                                <td class=\"smallheader\"><label for=\"heslo\">Heslo:<\/label><\/td>\r\n                                <td colspan=\"2\">\r\n                                    <input id=\"heslo\" type=\"password\" name=\"heslo\" value=\"\" class=\"text\" required \/>\r\n                                <\/td>\r\n                            <\/tr>\r\n                            <tr>\r\n                    <td class=\"smallheader\"><label for=\"telefon\">Telefon:<\/label><\/td>\r\n                    <td colspan=\"2\">\r\n                        <input id=\"telefon\" type=\"text\" name=\"telefon\" value=\"\" class=\"text\" required \/><br \/>\r\n                    <\/td>\r\n                <\/tr>\r\n\r\n    \t\t\t\t\r\n\t\t\t\t<tr>\r\n\t\t\t\t\t<td colspan=\"3\" class=\"header\">Pracovi\u0161t\u011b<\/td>\r\n\t\t\t\t<\/tr>\r\n\t\t\t\t<tr>\r\n\t\t\t\t\t<td class=\"smallheader\"><label for=\"nazev\">N\u00e1zev:<\/label><\/td>\r\n\t\t\t\t\t<td colspan=\"2\">\r\n\t\t\t\t\t\t<input id=\"nazev\" type=\"text\" name=\"nazev\" value=\"\" class=\"text\" required  size=\"20\" \/>\r\n\t\t\t\t\t<\/td>\r\n\t\t\t\t<\/tr>\r\n\t\t\t\t<tr>\r\n\t\t\t\t\t<td class=\"smallheader\"><label for=\"ulice_cp\">Ulice, \u010dp:<\/label><\/td>\r\n\t\t\t\t\t<td colspan=\"2\">\r\n\t\t\t\t\t\t<input id=\"ulice_cp\" type=\"text\" name=\"ulice_cp\" value=\"\" class=\"text\" required \/>\r\n\t\t\t\t\t<\/td>\r\n\t\t\t\t<\/tr>\r\n\t\t\t\t<tr>\r\n\t\t\t\t\t<td class=\"smallheader\"><label for=\"mesto\">M\u011bsto:<\/label><\/td>\r\n\t\t\t\t\t<td colspan=\"2\">\r\n\t\t\t\t\t\t<input id=\"mesto\" type=\"text\" name=\"mesto\" value=\"\" class=\"text\" required \/>\r\n\t\t\t\t\t<\/td>\r\n\t\t\t\t<\/tr>\r\n\t\t\t\t<tr>\r\n\t\t\t\t\t<td class=\"smallheader\"><label for=\"psc\">PS\u010c:<\/label><\/td>\r\n\t\t\t\t\t<td colspan=\"2\">\r\n\t\t\t\t\t\t<input id=\"psc\" type=\"text\" name=\"psc\" value=\"\" class=\"text\" \/>\r\n\t\t\t\t\t<\/td>\r\n\t\t\t\t<\/tr>\r\n\t\t\t\t<tr>\r\n\t\t\t\t\t<td class=\"smallheader\"><label for=\"ico\">I\u010cO:<\/label><\/td>\r\n\t\t\t\t\t<td colspan=\"2\">\r\n\t\t\t\t\t\t<input id=\"ico\" type=\"text\" name=\"ico\" value=\"\" class=\"text\" \/>\r\n\t\t\t\t\t<\/td>\r\n\t\t\t\t<\/tr>\r\n                    <tr>\r\n                        <td><\/td>\r\n                    <td colspan=\"2\" class=\"smallheader\">\r\n                        <label>\r\n                            <input type=\"checkbox\" id=\"osvedceni_checkbox\" name=\"osvedceni\" value=\"1\"\r\n                                >\r\n                            Chci vystavit osv\u011bd\u010den\u00ed o \u00fa\u010dasti                        <\/label>\r\n                        <br>\r\n                        <small>Pro jednozna\u010dnou identifikaci bude vy\u017eadov\u00e1no datum narozen\u00ed.<\/small>\r\n                    <\/td>\r\n                <\/tr>\r\n                <tr id=\"narozen_row\">\r\n                    <td class=\"smallheader\"><label for=\"narozen_input\">Datum narozen\u00ed:<\/label><\/td>\r\n                    <td colspan=\"2\">\r\n                        <input type=\"date\" name=\"narozen\" id=\"narozen_input\"\r\n                            value=\"\"\r\n                            class=\"text\" \/><br \/>\r\n                    <\/td>\r\n                <\/tr>\r\n\t\t\t\t\r\n\t\t\t\t<tr>\r\n\t\t\t\t\t<td colspan=\"3\" class=\"header\">Faktura\u010dn\u00ed \u00fadaje<\/td>\r\n\t\t\t\t<\/tr>\r\n\t\t\t\t<tr>\r\n\t\t\t\t\t<td class=\"smallheader\"><label for=\"faktura_ne\">Zadat faktura\u010dn\u00ed \u00fadaje:<\/label><\/td>\r\n\t\t\t\t\t<td colspan=\"2\">\r\n\t\t\t\t\t\t<input type=\"radio\" name=\"faktura\" id=\"faktura_ne\" value=\"ne\" onclick=\"skryj('zadat_fakturacni_udaje');\" checked=\"checked\" \/><label for=\"faktura_ne\">stejn\u00e9 jako pracovi\u0161t\u011b<\/label>\r\n\t\t\t\t\t\t<input type=\"radio\" name=\"faktura\" id=\"faktura_ano\" value=\"ano\" onclick=\"zobraz('zadat_fakturacni_udaje');\" \/><label for=\"faktura_ano\">jin\u00e9<\/label>\r\n\t\t\t\t\t<\/td>\r\n\t\t\t\t<\/tr>\r\n\t\t\t\t<tr id=\"zadat_fakturacni_udaje\">\r\n\t\t\t\t\t<td class=\"smallheader\"><\/td>\r\n\t\t\t\t\t<td colspan=\"2\">\r\n\t\t\t\t\t\t<textarea id=\"fakturacni_udaje\" rows=\"4\" cols=\"50\" name=\"fakturacni_udaje\"><\/textarea>\r\n\t\t\t\t\t<\/td>\r\n\t\t\t\t<\/tr>\r\n    \t\t\t<tr>\r\n\t\t\t\t<td colspan=\"3\" class=\"header\">P\u0159\u00edsp\u011bvky<\/td>\r\n\t\t\t<\/tr>\r\n\t\t\t\t\t\t<!-- <tr>\r\n\t\t\t\t\t<td colspan=\"3\" class=\"center\">P\u0159edn\u00e1\u0161ka<\/td>\r\n\t\t\t\t<\/tr>\r\n\t\t\t\t -->\r\n\t\t\t\t<tr>\r\n\t\t\t\t\t<td class=\"smallheader\"><label for=\"prispevek_ano\">P\u0159ihla\u0161uji p\u0159\u00edsp\u011bvek:<\/label><\/td>\r\n\t\t\t\t\t<td colspan=\"2\">\r\n                        \t\t\t\t\t\t<label for=\"prispevek_ano\"><input type=\"radio\" name=\"prispevek\" id=\"prispevek_ano\" value=\"ano\" onclick=\"zobraz('prispevek_predbezny_nazev');zobraz('prispevek_anotace');\" \/> ano<\/label>\r\n\t\t\t\t\t\t<label for=\"prispevek_ne\"><input type=\"radio\" name=\"prispevek\" id=\"prispevek_ne\" value=\"ne\" onclick=\"skryj('prispevek_predbezny_nazev');skryj('prispevek_anotace');\" checked=\"checked\" \/> ne<\/label>\r\n                                            <\/td>\r\n\t\t\t\t<\/tr>\r\n\t\t\t\t<tr id=\"prispevek_predbezny_nazev\">\r\n\t\t\t\t\t<td class=\"smallheader\"><label for=\"predbezny_nazev\">P\u0159edb\u011b\u017en\u00fd n\u00e1zev:<\/label><\/td>\r\n\t\t\t\t\t<td colspan=\"2\">\r\n\t\t\t\t\t\t<input id=\"predbezny_nazev\" type=\"text\" name=\"predbezny_nazev\" value=\"\" class=\"text\" \/>\r\n\t\t\t\t\t<\/td>\r\n\t\t\t\t<\/tr>\r\n\t\t\t\t<tr id=\"prispevek_anotace\" class=\"smallheader\">\r\n\t\t\t\t\t<td class=\"smallheader\"><label for=\"anotace_prispevku\">Anotace p\u0159\u00edsp\u011bvku:<\/label><\/td>\r\n\t\t\t\t\t<td colspan=\"2\">\r\n\t\t\t\t\t\t<textarea name=\"anotace_prispevku\" class=\"text\" cols=\"50\" rows=\"8\" id=\"anotace_prispevku\" oninput=\"updateCharCount(this.id)\"><\/textarea>\r\n\t\t\t\t\t\t<div id=\"charCount_anotace_prispevku\" style=\"float:right;margin-top: 5px; color: gray; margin-right:0;\">0 znak\u016f<\/div>\r\n\t\t\t\t\t<\/td>\r\n\t\t\t\t<\/tr>\r\n    \t\t\t\t<!-- <tr>\r\n\t\t\t\t\t<td colspan=\"3\" class=\"center\">Workshop<\/td>\r\n\t\t\t\t<\/tr> -->\r\n\t\t\t\t<tr>\r\n\t\t\t\t\t<td class=\"smallheader\"><label for=\"workshop_ano\">P\u0159ihla\u0161uji workshop:<\/label><\/td>\r\n\t\t\t\t\t<td colspan=\"2\">\r\n                                            <input type=\"radio\" name=\"workshop\" id=\"workshop_ano\" value=\"ano\" onclick=\"zobraz('workshop_predbezny_nazev');zobraz('workshop_anotace');zobraz('workshop_specialni_pozadavky');\" \/><label for=\"workshop_ano\">ano<\/label>\r\n\t\t\t\t\t\t<input type=\"radio\" name=\"workshop\" id=\"workshop_ne\" value=\"ne\" onclick=\"skryj('workshop_predbezny_nazev');skryj('workshop_anotace');skryj('workshop_specialni_pozadavky');\" checked=\"checked\" \/><label for=\"workshop_ne\">ne<\/label>\r\n                                            <\/td>\r\n\t\t\t\t<\/tr>\r\n\t\t\t\t<tr id=\"workshop_predbezny_nazev\">\r\n\t\t\t\t\t<td class=\"smallheader\"><label for=\"nazev_workshopu\">P\u0159edb\u011b\u017en\u00fd n\u00e1zev:<\/label><\/td>\r\n\t\t\t\t\t<td colspan=\"2\">\r\n\t\t\t\t\t\t<input id=\"nazev_workshopu\" type=\"text\" name=\"nazev_workshopu\" value=\"\" class=\"text\" \/>\r\n\t\t\t\t\t<\/td>\r\n\t\t\t\t<\/tr>\r\n\t\t\t\t<tr id=\"workshop_anotace\" class=\"smallheader\">\r\n\t\t\t\t\t<td class=\"smallheader\"><label for=\"anotace_workshopu\">Anotace workshopu:<\/label><\/td>\r\n\t\t\t\t\t<td colspan=\"2\">\r\n    \t\t\t\t\t<textarea name=\"anotace_workshopu\" id=\"anotace_workshopu\" class=\"text\" cols=\"50\" rows=\"8\" oninput=\"updateCharCount(this.id)\"><\/textarea>\r\n\t\t\t\t\t\t<div id=\"charCount_anotace_workshopu\" style=\"float:right;margin-top: 5px; color: gray; margin-right:0;\">0 znak\u016f<\/div>\r\n\t\t\t\t\t<\/td>\r\n\t\t\t\t<\/tr>\r\n\t\t\t\t<tr id=\"workshop_specialni_pozadavky\">\r\n\t\t\t\t\t<td class=\"smallheader\"><label for=\"workshop_pozadavky\">Speci\u00e1ln\u00ed po\u017eadavky:<\/label><\/td>\r\n\t\t\t\t\t<td colspan=\"2\">\r\n\t\t\t\t\t\t<input id=\"workshop_pozadavky\" type=\"text\" name=\"workshop_pozadavky\" value=\"\" class=\"text\" \/>\r\n\t\t\t\t\t<\/td>\r\n\t\t\t\t<\/tr>\t\t\t\t\r\n\r\n    \t\t\t\t<!-- <tr>\r\n\t\t\t\t\t<td colspan=\"3\" class=\"center\">Poster<\/td>\r\n\t\t\t\t<\/tr> -->\r\n\t\t\t\t<tr>\r\n\t\t\t\t\t<td class=\"smallheader\"><label for=\"poster_ano\">P\u0159ihla\u0161uji poster:<\/label><\/td>\r\n\t\t\t\t\t<td colspan=\"2\">\r\n\t\t\t\t\t\t\t\t\t\t\t\t<label for=\"poster_ano\"><input type=\"radio\" name=\"poster\" id=\"poster_ano\" value=\"ano\" onclick=\"zobraz('poster_predbezny_nazev');zobraz('poster_anotace');\" \/> ano<\/label>\r\n\t\t\t\t\t\t<label for=\"poster_ne\"><input type=\"radio\" name=\"poster\" id=\"poster_ne\" value=\"ne\" onclick=\"skryj('poster_predbezny_nazev');skryj('poster_anotace');\" checked=\"checked\" \/> ne<\/label>\r\n\t\t\t\t\t\t\t\t\t\t\t<\/td>\r\n\t\t\t\t<\/tr>\r\n\t\t\t\t<tr id=\"poster_predbezny_nazev\">\r\n\t\t\t\t\t<td class=\"smallheader\"><label for=\"nazev_posteru\">P\u0159edb\u011b\u017en\u00fd n\u00e1zev:<\/label><\/td>\r\n\t\t\t\t\t<td colspan=\"2\">\r\n\t\t\t\t\t\t<input id=\"nazev_posteru\" type=\"text\" name=\"nazev_posteru\" value=\"\" class=\"text\" \/>\r\n\t\t\t\t\t<\/td>\r\n\t\t\t\t<\/tr>\r\n\t\t\t\t<tr id=\"poster_anotace\" class=\"smallheader\">\r\n\t\t\t\t\t<td class=\"smallheader\"><label for=\"anotace_posteru\">Anotace posteru:<\/label><\/td>\r\n\t\t\t\t\t<td colspan=\"2\">\r\n\t\t\t\t\t\t<textarea name=\"anotace_posteru\" class=\"text\" cols=\"50\" rows=\"8\" id=\"anotace_posteru\" oninput=\"updateCharCount(this.id)\"><\/textarea>\r\n\t\t\t\t\t\t<div id=\"charCount_anotace_posteru\" style=\"float:right;margin-top: 5px; color: gray; margin-right:0;\">0 znak\u016f<\/div>\r\n\t\t\t\t\t<\/td>\r\n\t\t\t\t<\/tr>\r\n\t\t\t\t\t\t<tr>\r\n\t\t\t\t\t<td colspan=\"3\" class=\"header\">Konferen\u010dn\u00ed ve\u010de\u0159e<\/td>\r\n\t\t\t\t<\/tr>\r\n\t\t\t\t<tr>\r\n\t\t\t\t\t<td class=\"smallheader\"><label for=\"jidlo_konf_vecere_ano\">Z\u00fa\u010dastn\u00edm se konferen\u010dn\u00ed ve\u010de\u0159e:<\/label><\/td>\r\n\t\t\t\t\t<td colspan=\"2\">\r\n                        \r\n\t\t\t\t\t\t<label for=\"jidlo_konf_vecere_ano\"><input type=\"radio\" name=\"jidlo_konf_vecere\" id=\"jidlo_konf_vecere_ano\" value=\"ano\"  \/> ano<\/label>\r\n\t\t\t\t\t\t<label for=\"jidlo_konf_vecere_ne\"><input type=\"radio\" name=\"jidlo_konf_vecere\" id=\"jidlo_konf_vecere_ne\" value=\"ne\"  \/> ne<\/label>\r\n\t\t\t\t\t\t<br><small>\r\n\t\t\t\t\t\t\tP\u0159i volb\u011b \"ano\" bude cena ve\u010de\u0159e ve v\u00fd\u0161i 300 K\u010d na faktu\u0159e automaticky zahrnuta do ceny vlo\u017en\u00e9ho.\t\t\t\t\t\t<\/small>\r\n                    <\/td>\r\n\t\t\t\t<\/tr>\r\n    \t\t\t\t<tr>\r\n\t\t\t\t\t<td colspan=\"3\" class=\"center\">\r\n    \t\t\t\t\t\t<input type=\"submit\" name=\"potvrdit\" value=\"Potvrdit\" class=\"button\" \/>\r\n    \t\t\t\t\t\t\r\n\t\t\t\t\t<\/td>\r\n\t\t\t\t<\/tr>\r\n\t\t\t<\/table>\r\n\t\t\t<\/form>\r\n\t\t\t    <script type=\"text\/javascript\">\r\n    function zobraz(obj) {\r\n        document.getElementById(obj).style.display = \"\";\r\n    }\r\n\r\n    function skryj(obj) {\r\n        \/\/ console.log(obj);\r\n        document.getElementById(obj).style.display = \"none\";\r\n    }\t\t\/* <![CDATA[ *\/\r\n\tfunction updateCharCount(textbox) {\r\n\t\tconst textarea = document.getElementById(textbox);\r\n\t\tconst charCountDiv = document.getElementById('charCount_'+textbox);\r\n\t\tconst text = textarea.value.replace(\/\\s+\/g, ''); \/\/ Remove spaces\r\n\t\tconst charCount = text.length;\r\n\r\n\t\tcharCountDiv.textContent = charCount + \" znak\u016f\";\r\n\r\n\t\tif (charCount < 800) {\r\n\t\t\tcharCountDiv.style.color = 'gray';\r\n\t\t} else if (charCount <= 1500) {\r\n\t\t\tcharCountDiv.style.color = 'green';\r\n\t\t} else {\r\n\t\t\tcharCountDiv.style.color = 'red';\r\n\t\t}\r\n\t}\r\n    \/\/ Dynamick\u00e9 chov\u00e1n\u00ed pro pole \"Datum narozen\u00ed\" a checkbox \"osvedceni\"\r\n    function toggleNarozenField() {\r\n        var checkbox = document.getElementById('osvedceni_checkbox');\r\n        var row = document.getElementById('narozen_row');\r\n        var input = document.getElementById('narozen_input');\r\n        if (!checkbox || !row || !input) return;\r\n        if (checkbox.checked) {\r\n            row.style.display = '';\r\n            input.required = true;\r\n            input.disabled = false;\r\n        } else {\r\n            row.style.display = 'none';\r\n            input.required = false;\r\n            input.disabled = true;\r\n            input.value = '';\r\n        }\r\n    }\r\n    document.addEventListener('DOMContentLoaded', function() {\r\n        var checkbox = document.getElementById('osvedceni_checkbox');\r\n        if (checkbox) {\r\n            checkbox.addEventListener('change', toggleNarozenField);\r\n            toggleNarozenField();\r\n        }\r\n    });\r\n            skryj('zadat_fakturacni_udaje');\r\n                skryj('prispevek_predbezny_nazev');\r\n            skryj('prispevek_anotace');\r\n                    skryj('workshop_predbezny_nazev');\r\n            skryj('workshop_anotace');\r\n            skryj('workshop_specialni_pozadavky')\r\n        \t\t\tskryj('poster_predbezny_nazev');\r\n\t\t\tskryj('poster_anotace');\r\n\t\t\t\r\n    <\/script>\r\n\r\n\r\n    \n","protected":false},"excerpt":{"rendered":"","protected":false},"author":1,"featured_media":0,"parent":0,"menu_order":0,"comment_status":"closed","ping_status":"closed","template":"","meta":{"footnotes":""},"class_list":["post-290","page","type-page","status-publish","hentry"],"_links":{"self":[{"href":"https:\/\/home.pf.jcu.cz\/~stem\/2026\/index.php\/wp-json\/wp\/v2\/pages\/290","targetHints":{"allow":["GET"]}}],"collection":[{"href":"https:\/\/home.pf.jcu.cz\/~stem\/2026\/index.php\/wp-json\/wp\/v2\/pages"}],"about":[{"href":"https:\/\/home.pf.jcu.cz\/~stem\/2026\/index.php\/wp-json\/wp\/v2\/types\/page"}],"author":[{"embeddable":true,"href":"https:\/\/home.pf.jcu.cz\/~stem\/2026\/index.php\/wp-json\/wp\/v2\/users\/1"}],"replies":[{"embeddable":true,"href":"https:\/\/home.pf.jcu.cz\/~stem\/2026\/index.php\/wp-json\/wp\/v2\/comments?post=290"}],"version-history":[{"count":0,"href":"https:\/\/home.pf.jcu.cz\/~stem\/2026\/index.php\/wp-json\/wp\/v2\/pages\/290\/revisions"}],"wp:attachment":[{"href":"https:\/\/home.pf.jcu.cz\/~stem\/2026\/index.php\/wp-json\/wp\/v2\/media?parent=290"}],"curies":[{"name":"wp","href":"https:\/\/api.w.org\/{rel}","templated":true}]}}