{"id":225,"date":"2013-03-08T15:17:44","date_gmt":"2013-03-08T15:17:44","guid":{"rendered":"http:\/\/home.pf.jcu.cz\/~upvvm\/2013\/?page_id=225"},"modified":"2023-10-27T23:08:54","modified_gmt":"2023-10-27T21:08:54","slug":"doprovodny-program","status":"publish","type":"page","link":"https:\/\/home.pf.jcu.cz\/~upvm\/2023\/index.php\/doprovodny-program\/","title":{"rendered":"Doprovodn\u00fd program"},"content":{"rendered":"<p>Ve \u010dtvrtek 9. 11. se pro \u00fa\u010dastn\u00edky konference konaj\u00ed dv\u011b soub\u011b\u017en\u00e9 akce:<\/p>\n<h5><strong>Komentovan\u00e1 prohl\u00eddka m\u011bstsk\u00e9 radnice v \u010cesk\u00fdch Bud\u011bjovic\u00edch<\/strong><\/h5>\n<p>D\u00e9lka prohl\u00eddky bude cca 90 minut. Jej\u00ed sou\u010d\u00e1st\u00ed bude mimo jin\u00e9 v\u00fdhled z ve\u0159ejnosti b\u011b\u017en\u011b nep\u0159\u00edstupn\u00e9 st\u0159echy radnice na centrum a n\u00e1m\u011bst\u00ed.<\/p>\n<p>Sraz v 17:50 u Samsonovy ka\u0161ny na n\u00e1m\u011bst\u00ed P\u0159emysla Otakara II.<\/p>\n<p>Dostupnost m\u011bstskou dopravou: Autobus \u010d. 3 ze zast\u00e1vky Jiho\u010desk\u00e1 univerzita do zast\u00e1vky Senov\u00e1\u017en\u00e9 n\u00e1m\u011bst\u00ed - po\u0161ta.<\/p>\n<p><a href=\"https:\/\/www.budejce.cz\/aktivity\/6-radnice-ceske-budejovice\" target=\"_blank\" rel=\"noopener\">https:\/\/www.budejce.cz\/aktivity\/6-radnice-ceske-budejovice<\/a><\/p>\n<h5>Komentovan\u00e1 prohl\u00eddka historick\u00e9 vod\u00e1rensk\u00e9 v\u011b\u017ee v \u010cesk\u00fdch Bud\u011bjovic\u00edch<\/h5>\n<p>D\u00e9lka prohl\u00eddky bude cca 90 minut.<\/p>\n<p>Sraz v 17:50 u vod\u00e1rensk\u00e9 v\u011b\u017ee v M\u00e1nesov\u011b ulici 41\/6.<\/p>\n<p>Dostupnost m\u011bstskou dopravou: Autobus \u010d. 7 nebo 15 ze zast\u00e1vky Jiho\u010desk\u00e1 univerzita do zast\u00e1vky Koh-i-noor.<\/p>\n<p><a href=\"https:\/\/www.vodarenskavezcb.cz\" target=\"_blank\" rel=\"noopener\">https:\/\/www.vodarenskavezcb.cz\u00a0<\/a><\/p>\n<p><strong>Z d\u016fvodu omezen\u00e9 kapacity obou exkurz\u00ed byla zorganizov\u00e1na online registrace \u00fa\u010dastn\u00edk\u016f. Kapacita druh\u00e9 z uveden\u00fdch akc\u00ed, prohl\u00eddky vod\u00e1rensk\u00e9 v\u011b\u017ee, je v tuto chv\u00edli bohu\u017eel ji\u017e napln\u011bna!<\/strong><\/p>\n","protected":false},"excerpt":{"rendered":"<p>Ve \u010dtvrtek 9. 11. se pro \u00fa\u010dastn\u00edky konference konaj\u00ed dv\u011b soub\u011b\u017en\u00e9 akce: Komentovan\u00e1 prohl\u00eddka m\u011bstsk\u00e9 radnice v \u010cesk\u00fdch Bud\u011bjovic\u00edch D\u00e9lka prohl\u00eddky bude cca 90 minut. Jej\u00ed sou\u010d\u00e1st\u00ed bude mimo jin\u00e9 v\u00fdhled z ve\u0159ejnosti b\u011b\u017en\u011b nep\u0159\u00edstupn\u00e9 st\u0159echy radnice na centrum a n\u00e1m\u011bst\u00ed. Sraz v 17:50 u Samsonovy ka\u0161ny na n\u00e1m\u011bst\u00ed P\u0159emysla Otakara II. Dostupnost m\u011bstskou dopravou: &hellip; <a href=\"https:\/\/home.pf.jcu.cz\/~upvm\/2023\/index.php\/doprovodny-program\/\" class=\"more-link\">Pokra\u010dovat ve \u010dten\u00ed<span class=\"screen-reader-text\"> &#8222;Doprovodn\u00fd program&#8220;<\/span><\/a><\/p>\n","protected":false},"author":1,"featured_media":0,"parent":0,"menu_order":0,"comment_status":"closed","ping_status":"closed","template":"","meta":{"footnotes":""},"class_list":["post-225","page","type-page","status-publish","hentry"],"_links":{"self":[{"href":"https:\/\/home.pf.jcu.cz\/~upvm\/2023\/index.php\/wp-json\/wp\/v2\/pages\/225","targetHints":{"allow":["GET"]}}],"collection":[{"href":"https:\/\/home.pf.jcu.cz\/~upvm\/2023\/index.php\/wp-json\/wp\/v2\/pages"}],"about":[{"href":"https:\/\/home.pf.jcu.cz\/~upvm\/2023\/index.php\/wp-json\/wp\/v2\/types\/page"}],"author":[{"embeddable":true,"href":"https:\/\/home.pf.jcu.cz\/~upvm\/2023\/index.php\/wp-json\/wp\/v2\/users\/1"}],"replies":[{"embeddable":true,"href":"https:\/\/home.pf.jcu.cz\/~upvm\/2023\/index.php\/wp-json\/wp\/v2\/comments?post=225"}],"version-history":[{"count":7,"href":"https:\/\/home.pf.jcu.cz\/~upvm\/2023\/index.php\/wp-json\/wp\/v2\/pages\/225\/revisions"}],"predecessor-version":[{"id":1441,"href":"https:\/\/home.pf.jcu.cz\/~upvm\/2023\/index.php\/wp-json\/wp\/v2\/pages\/225\/revisions\/1441"}],"wp:attachment":[{"href":"https:\/\/home.pf.jcu.cz\/~upvm\/2023\/index.php\/wp-json\/wp\/v2\/media?parent=225"}],"curies":[{"name":"wp","href":"https:\/\/api.w.org\/{rel}","templated":true}]}}

Doprovodný program

<p>Ve čtvrtek 9. 11. se pro účastníky konference konají dvě souběžné akce:</p>
<h5><strong>Komentovaná prohlídka městské radnice v Českých Budějovicích</strong></h5>
<p>Délka prohlídky bude cca 90 minut. Její součástí bude mimo jiné výhled z veřejnosti běžně nepřístupné střechy radnice na centrum a náměstí.</p>
<p>Sraz v 17:50 u Samsonovy kašny na náměstí Přemysla Otakara II.</p>
<p>Dostupnost městskou dopravou: Autobus č. 3 ze zastávky Jihočeská univerzita do zastávky Senovážné náměstí - pošta.</p>
<p><a href="https://www.budejce.cz/aktivity/6-radnice-ceske-budejovice" target="_blank" rel="noopener">https://www.budejce.cz/aktivity/6-radnice-ceske-budejovice</a></p>
<h5>Komentovaná prohlídka historické vodárenské věže v Českých Budějovicích</h5>
<p>Délka prohlídky bude cca 90 minut.</p>
<p>Sraz v 17:50 u vodárenské věže v Mánesově ulici 41/6.</p>
<p>Dostupnost městskou dopravou: Autobus č. 7 nebo 15 ze zastávky Jihočeská univerzita do zastávky Koh-i-noor.</p>
<p><a href="https://www.vodarenskavezcb.cz" target="_blank" rel="noopener">https://www.vodarenskavezcb.cz </a></p>
<p><strong>Z důvodu omezené kapacity obou exkurzí byla zorganizována online registrace účastníků. Kapacita druhé z uvedených akcí, prohlídky vodárenské věže, je v tuto chvíli bohužel již naplněna!</strong></p>

<p>Ve čtvrtek 9. 11. se pro účastníky konference konají dvě souběžné akce: Komentovaná prohlídka městské radnice v Českých Budějovicích Délka prohlídky bude cca 90 minut. Její součástí bude mimo jiné výhled z veřejnosti běžně nepřístupné střechy radnice na centrum a náměstí. Sraz v 17:50 u Samsonovy kašny na náměstí Přemysla Otakara II. Dostupnost městskou dopravou: &hellip; <a href="https://home.pf.jcu.cz/~upvm/2023/index.php/doprovodny-program/" class="more-link">Pokračovat ve čtení<span class="screen-reader-text"> &#8222;Doprovodný program&#8220;</span></a></p>
