{"id":55,"date":"2011-02-19T12:52:00","date_gmt":"2011-02-19T12:52:00","guid":{"rendered":"http:\/\/localhost\/upvvm\/2011\/?page_id=11"},"modified":"2023-12-11T18:41:31","modified_gmt":"2023-12-11T17:41:31","slug":"instrukce-pro-autory","status":"publish","type":"page","link":"https:\/\/home.pf.jcu.cz\/~upvm\/2023\/index.php\/instrukce-pro-autory\/","title":{"rendered":"Instrukce pro autory"},"content":{"rendered":"<p><span style=\"color: #000000;\"><strong>P\u0159\u00edsp\u011bvky do sborn\u00edku konference ve form\u011b \u010dl\u00e1nku upraven\u00e9ho dle n\u00ed\u017ee uveden\u00fdch instrukc\u00ed zas\u00edlejte pros\u00edm do 15. 12. 2023 na adresu hasek@pf.jcu.cz<\/strong> <\/span>(na tuto adresu pros\u00edm sm\u011b\u0159ujte i sv\u00e9 p\u0159\u00edpadn\u00e9 dotazy souvisej\u00edc\u00ed s publikov\u00e1n\u00edm ve sborn\u00edku)<\/p>\n<blockquote><p>P\u0159\u00edsp\u011bvky, kter\u00e9 nebudou prezentov\u00e1ny na konferenci, nebudou za\u0159azeny do sborn\u00edku.<\/p><\/blockquote>\n<blockquote><p>Sborn\u00edk je recenzov\u00e1n.<\/p><\/blockquote>\n<p>Po recenzn\u00edm \u0159\u00edzen\u00ed budou auto\u0159i vybran\u00fdch p\u0159\u00edsp\u011bvk\u016f osloveni s nab\u00eddkou publikov\u00e1n\u00ed \u010dl\u00e1nku v \u010dasopise <a href=\"http:\/\/home.pf.jcu.cz\/~sbml\/\" target=\"_blank\" rel=\"noopener\">South Bohemia Mathematical Letters<\/a>.<\/p>\n<h5>I. Forma p\u0159\u00edsp\u011bvku<\/h5>\n<p>Zdrojov\u00fd soubor \u010dl\u00e1nku\u00a0(MS Word, TeX) spolu se souborem form\u00e1tu PDF. Sborn\u00edk konference bude publikov\u00e1n online na str\u00e1nce konference. Rozsah p\u0159\u00edsp\u011bvku proto nen\u00ed omezen a je mo\u017eno pou\u017e\u00edt barevn\u00e9 obr\u00e1zky.<\/p>\n<h5>II.\u00a0Vzhled p\u0159\u00edsp\u011bvku<\/h5>\n<p>K tvorb\u011b p\u0159\u00edsp\u011bvku vyu\u017eijte \u0161ablonu v MS Word (<a href=\"https:\/\/home.pf.jcu.cz\/~upvm\/2023\/wp-content\/uploads\/2023\/12\/UPVM_sablona-2.docx\" target=\"_blank\" rel=\"noopener\">\u0161ablona<\/a>) nebo v TeXu (<a href=\"https:\/\/home.pf.jcu.cz\/~upvm\/2023\/wp-content\/uploads\/2023\/12\/UPVM_latex_sablona-3.zip\" target=\"_blank\" rel=\"noopener\">\u0161ablona<\/a> v archivu ZIP). Na konci\u00a0p\u0159\u00edsp\u011bvku neopome\u0148te vyplnit adresy autor\u016f.<\/p>\n","protected":false},"excerpt":{"rendered":"<p>P\u0159\u00edsp\u011bvky do sborn\u00edku konference ve form\u011b \u010dl\u00e1nku upraven\u00e9ho dle n\u00ed\u017ee uveden\u00fdch instrukc\u00ed zas\u00edlejte pros\u00edm do 15. 12. 2023 na adresu hasek@pf.jcu.cz (na tuto adresu pros\u00edm sm\u011b\u0159ujte i sv\u00e9 p\u0159\u00edpadn\u00e9 dotazy souvisej\u00edc\u00ed s publikov\u00e1n\u00edm ve sborn\u00edku) P\u0159\u00edsp\u011bvky, kter\u00e9 nebudou prezentov\u00e1ny na konferenci, nebudou za\u0159azeny do sborn\u00edku. Sborn\u00edk je recenzov\u00e1n. Po recenzn\u00edm \u0159\u00edzen\u00ed budou auto\u0159i vybran\u00fdch p\u0159\u00edsp\u011bvk\u016f &hellip; <a href=\"https:\/\/home.pf.jcu.cz\/~upvm\/2023\/index.php\/instrukce-pro-autory\/\" class=\"more-link\">Pokra\u010dovat ve \u010dten\u00ed<span class=\"screen-reader-text\"> &#8222;Instrukce pro autory&#8220;<\/span><\/a><\/p>\n","protected":false},"author":1,"featured_media":0,"parent":0,"menu_order":10,"comment_status":"closed","ping_status":"open","template":"","meta":{"footnotes":""},"class_list":["post-55","page","type-page","status-publish","hentry"],"_links":{"self":[{"href":"https:\/\/home.pf.jcu.cz\/~upvm\/2023\/index.php\/wp-json\/wp\/v2\/pages\/55","targetHints":{"allow":["GET"]}}],"collection":[{"href":"https:\/\/home.pf.jcu.cz\/~upvm\/2023\/index.php\/wp-json\/wp\/v2\/pages"}],"about":[{"href":"https:\/\/home.pf.jcu.cz\/~upvm\/2023\/index.php\/wp-json\/wp\/v2\/types\/page"}],"author":[{"embeddable":true,"href":"https:\/\/home.pf.jcu.cz\/~upvm\/2023\/index.php\/wp-json\/wp\/v2\/users\/1"}],"replies":[{"embeddable":true,"href":"https:\/\/home.pf.jcu.cz\/~upvm\/2023\/index.php\/wp-json\/wp\/v2\/comments?post=55"}],"version-history":[{"count":5,"href":"https:\/\/home.pf.jcu.cz\/~upvm\/2023\/index.php\/wp-json\/wp\/v2\/pages\/55\/revisions"}],"predecessor-version":[{"id":1489,"href":"https:\/\/home.pf.jcu.cz\/~upvm\/2023\/index.php\/wp-json\/wp\/v2\/pages\/55\/revisions\/1489"}],"wp:attachment":[{"href":"https:\/\/home.pf.jcu.cz\/~upvm\/2023\/index.php\/wp-json\/wp\/v2\/media?parent=55"}],"curies":[{"name":"wp","href":"https:\/\/api.w.org\/{rel}","templated":true}]}}

<p><span style="color: #000000;"><strong>Příspěvky do sborníku konference ve formě článku upraveného dle níže uvedených instrukcí zasílejte prosím do 15. 12. 2023 na adresu hasek@pf.jcu.cz</strong> </span>(na tuto adresu prosím směřujte i své případné dotazy související s publikováním ve sborníku)</p>
<blockquote><p>Příspěvky, které nebudou prezentovány na konferenci, nebudou zařazeny do sborníku.</p></blockquote>
<blockquote><p>Sborník je recenzován.</p></blockquote>
<p>Po recenzním řízení budou autoři vybraných příspěvků osloveni s nabídkou publikování článku v časopise <a href="http://home.pf.jcu.cz/~sbml/" target="_blank" rel="noopener">South Bohemia Mathematical Letters</a>.</p>
<h5>I. Forma příspěvku</h5>
<p>Zdrojový soubor článku (MS Word, TeX) spolu se souborem formátu PDF. Sborník konference bude publikován online na stránce konference. Rozsah příspěvku proto není omezen a je možno použít barevné obrázky.</p>
<h5>II. Vzhled příspěvku</h5>
<p>K tvorbě příspěvku využijte šablonu v MS Word (<a href="https://home.pf.jcu.cz/~upvm/2023/wp-content/uploads/2023/12/UPVM_sablona-2.docx" target="_blank" rel="noopener">šablona</a>) nebo v TeXu (<a href="https://home.pf.jcu.cz/~upvm/2023/wp-content/uploads/2023/12/UPVM_latex_sablona-3.zip" target="_blank" rel="noopener">šablona</a> v archivu ZIP). Na konci příspěvku neopomeňte vyplnit adresy autorů.</p>

<p>Příspěvky do sborníku konference ve formě článku upraveného dle níže uvedených instrukcí zasílejte prosím do 15. 12. 2023 na adresu hasek@pf.jcu.cz (na tuto adresu prosím směřujte i své případné dotazy související s publikováním ve sborníku) Příspěvky, které nebudou prezentovány na konferenci, nebudou zařazeny do sborníku. Sborník je recenzován. Po recenzním řízení budou autoři vybraných příspěvků &hellip; <a href="https://home.pf.jcu.cz/~upvm/2023/index.php/instrukce-pro-autory/" class="more-link">Pokračovat ve čtení<span class="screen-reader-text"> &#8222;Instrukce pro autory&#8220;</span></a></p>
