{"id":59,"date":"2011-02-19T12:55:20","date_gmt":"2011-02-19T12:55:20","guid":{"rendered":"http:\/\/localhost\/upvvm\/2011\/?page_id=21"},"modified":"2025-05-04T11:52:57","modified_gmt":"2025-05-04T09:52:57","slug":"plenarni-prednasky","status":"publish","type":"page","link":"https:\/\/home.pf.jcu.cz\/~upvm\/2023\/index.php\/plenarni-prednasky\/","title":{"rendered":"Plen\u00e1rn\u00ed p\u0159edn\u00e1\u0161ky"},"content":{"rendered":"<div class=\"bez_podtrzenych_odkazu\">\n<p><strong><a href=\"https:\/\/home.pf.jcu.cz\/~upvm\/2023\/index.php\/2023\/04\/16\/in-touch-with-geometry-and-beyond-discover-foster-and-assess-with-sketchometry\/\" target=\"_blank\" rel=\"noopener\">In Touch with Geometry and Beyond \u2013 Discover, Foster and Assess with sketchometry<\/a><\/strong><br \/><a href=\"https:\/\/home.pf.jcu.cz\/~upvm\/2023\/index.php\/2023\/04\/16\/carsten-miller\/\" target=\"_blank\" rel=\"noopener\">Dr. Carsten Miller<\/a><br \/><em>Universit\u00e4t Bayreuth<br \/><\/em>Article summarizing the lecture:\u00a0<a href=\"https:\/\/home.pf.jcu.cz\/~upvm\/2023\/wp-content\/uploads\/2025\/05\/UPVM2023_Miller_article.pdf\" class=\"mtli_attachment mtli_pdf\" target=\"_blank\" rel=\"noopener\">sketchometry \u2013 In Touch with Geometry \u2026 and Beyond!<\/a><\/p>\n<p><strong><a href=\"https:\/\/home.pf.jcu.cz\/~upvm\/2023\/index.php\/2023\/04\/16\/priprava-buducich-ucitelov-matematiky-v-digitalnej-dobe\/\" target=\"_blank\" rel=\"noopener\">Pr\u00edprava bud\u00facich u\u010dite\u013eov matematiky v digit\u00e1lnej dobe<\/a><\/strong><br \/><a href=\"https:\/\/home.pf.jcu.cz\/~upvm\/2023\/index.php\/2023\/04\/16\/maria-slavickova\/\" target=\"_blank\" rel=\"noopener\">doc. PaedDr. M\u00e1ria Slav\u00ed\u010dkov\u00e1, PhD.<\/a><br \/><em>Univerzita Komensk\u00e9ho v Bratislave<\/em><\/p>\n<p><strong><a href=\"https:\/\/home.pf.jcu.cz\/~upvm\/2023\/index.php\/2023\/04\/15\/kriticke-a-tvorive-vyuzivani-dynamicke-geometrie-v-matematice-zakladni-skoly\/\" target=\"_blank\" rel=\"noopener\">Kritick\u00e9 a tvo\u0159iv\u00e9 vyu\u017e\u00edv\u00e1n\u00ed dynamick\u00e9 geometrie v matematice z\u00e1kladn\u00ed \u0161koly<\/a><\/strong><br \/><a href=\"https:\/\/home.pf.jcu.cz\/~upvm\/2023\/index.php\/2023\/04\/15\/lukas-vizek\/\" target=\"_blank\" rel=\"noopener\">Mgr. Luk\u00e1\u0161 V\u00edzek, Ph.D.<\/a><br \/><em>Univerzita Hradec Kr\u00e1lov\u00e9<\/em><\/p>\n<p><strong><a href=\"https:\/\/home.pf.jcu.cz\/~upvm\/2023\/index.php\/2023\/04\/16\/computational-thinking-as-a-goal-for-mathematics-education-past-challenges-and-future-directions\/\" target=\"_blank\" rel=\"noopener\">Computational Thinking as a Goal for Mathematics Education: Past Challenges and Future Directions<\/a><\/strong><br \/><a href=\"https:\/\/home.pf.jcu.cz\/~upvm\/2023\/index.php\/2023\/04\/16\/david-c-webb\/\" target=\"_blank\" rel=\"noopener\">Prof. David C. Webb, Ph.D.<\/a><br \/><em>University of Colorado Boulder<\/em><\/p>\n<\/div>\n\n\n<p><\/p>\n\n\n\n<p><strong>Informace k jazyku p\u0159edn\u00e1\u0161ek: Plen\u00e1rn\u00ed p\u0159edn\u00e1\u0161ky pronesen\u00e9 v angli\u010dtin\u011b budou simult\u00e1nn\u011b tlumo\u010deny do \u010de\u0161tiny.<\/strong><\/p>\n","protected":false},"excerpt":{"rendered":"<p>In Touch with Geometry and Beyond \u2013 Discover, Foster and Assess with sketchometryDr. Carsten MillerUniversit\u00e4t BayreuthArticle summarizing the lecture:\u00a0sketchometry \u2013 In Touch with Geometry \u2026 and Beyond! Pr\u00edprava bud\u00facich u\u010dite\u013eov matematiky v digit\u00e1lnej dobedoc. PaedDr. M\u00e1ria Slav\u00ed\u010dkov\u00e1, PhD.Univerzita Komensk\u00e9ho v Bratislave Kritick\u00e9 a tvo\u0159iv\u00e9 vyu\u017e\u00edv\u00e1n\u00ed dynamick\u00e9 geometrie v matematice z\u00e1kladn\u00ed \u0161kolyMgr. Luk\u00e1\u0161 V\u00edzek, Ph.D.Univerzita Hradec &hellip; <a href=\"https:\/\/home.pf.jcu.cz\/~upvm\/2023\/index.php\/plenarni-prednasky\/\" class=\"more-link\">Pokra\u010dovat ve \u010dten\u00ed<span class=\"screen-reader-text\"> &#8222;Plen\u00e1rn\u00ed p\u0159edn\u00e1\u0161ky&#8220;<\/span><\/a><\/p>\n","protected":false},"author":1,"featured_media":0,"parent":0,"menu_order":0,"comment_status":"closed","ping_status":"open","template":"","meta":{"footnotes":""},"class_list":["post-59","page","type-page","status-publish","hentry"],"_links":{"self":[{"href":"https:\/\/home.pf.jcu.cz\/~upvm\/2023\/index.php\/wp-json\/wp\/v2\/pages\/59","targetHints":{"allow":["GET"]}}],"collection":[{"href":"https:\/\/home.pf.jcu.cz\/~upvm\/2023\/index.php\/wp-json\/wp\/v2\/pages"}],"about":[{"href":"https:\/\/home.pf.jcu.cz\/~upvm\/2023\/index.php\/wp-json\/wp\/v2\/types\/page"}],"author":[{"embeddable":true,"href":"https:\/\/home.pf.jcu.cz\/~upvm\/2023\/index.php\/wp-json\/wp\/v2\/users\/1"}],"replies":[{"embeddable":true,"href":"https:\/\/home.pf.jcu.cz\/~upvm\/2023\/index.php\/wp-json\/wp\/v2\/comments?post=59"}],"version-history":[{"count":28,"href":"https:\/\/home.pf.jcu.cz\/~upvm\/2023\/index.php\/wp-json\/wp\/v2\/pages\/59\/revisions"}],"predecessor-version":[{"id":1508,"href":"https:\/\/home.pf.jcu.cz\/~upvm\/2023\/index.php\/wp-json\/wp\/v2\/pages\/59\/revisions\/1508"}],"wp:attachment":[{"href":"https:\/\/home.pf.jcu.cz\/~upvm\/2023\/index.php\/wp-json\/wp\/v2\/media?parent=59"}],"curies":[{"name":"wp","href":"https:\/\/api.w.org\/{rel}","templated":true}]}}

Plenární přednášky

<div class="bez_podtrzenych_odkazu">
<p><strong><a href="https://home.pf.jcu.cz/~upvm/2023/index.php/2023/04/16/in-touch-with-geometry-and-beyond-discover-foster-and-assess-with-sketchometry/" target="_blank" rel="noopener">In Touch with Geometry and Beyond – Discover, Foster and Assess with sketchometry</a></strong><br /><a href="https://home.pf.jcu.cz/~upvm/2023/index.php/2023/04/16/carsten-miller/" target="_blank" rel="noopener">Dr. Carsten Miller</a><br /><em>Universität Bayreuth<br /></em>Article summarizing the lecture: <a href="https://home.pf.jcu.cz/~upvm/2023/wp-content/uploads/2025/05/UPVM2023_Miller_article.pdf" class="mtli_attachment mtli_pdf" target="_blank" rel="noopener">sketchometry – In Touch with Geometry … and Beyond!</a></p>
<p><strong><a href="https://home.pf.jcu.cz/~upvm/2023/index.php/2023/04/16/priprava-buducich-ucitelov-matematiky-v-digitalnej-dobe/" target="_blank" rel="noopener">Príprava budúcich učiteľov matematiky v digitálnej dobe</a></strong><br /><a href="https://home.pf.jcu.cz/~upvm/2023/index.php/2023/04/16/maria-slavickova/" target="_blank" rel="noopener">doc. PaedDr. Mária Slavíčková, PhD.</a><br /><em>Univerzita Komenského v Bratislave</em></p>
<p><strong><a href="https://home.pf.jcu.cz/~upvm/2023/index.php/2023/04/15/kriticke-a-tvorive-vyuzivani-dynamicke-geometrie-v-matematice-zakladni-skoly/" target="_blank" rel="noopener">Kritické a tvořivé využívání dynamické geometrie v matematice základní školy</a></strong><br /><a href="https://home.pf.jcu.cz/~upvm/2023/index.php/2023/04/15/lukas-vizek/" target="_blank" rel="noopener">Mgr. Lukáš Vízek, Ph.D.</a><br /><em>Univerzita Hradec Králové</em></p>
<p><strong><a href="https://home.pf.jcu.cz/~upvm/2023/index.php/2023/04/16/computational-thinking-as-a-goal-for-mathematics-education-past-challenges-and-future-directions/" target="_blank" rel="noopener">Computational Thinking as a Goal for Mathematics Education: Past Challenges and Future Directions</a></strong><br /><a href="https://home.pf.jcu.cz/~upvm/2023/index.php/2023/04/16/david-c-webb/" target="_blank" rel="noopener">Prof. David C. Webb, Ph.D.</a><br /><em>University of Colorado Boulder</em></p>
</div>


<p></p>



<p><strong>Informace k jazyku přednášek: Plenární přednášky pronesené v angličtině budou simultánně tlumočeny do češtiny.</strong></p>

<p>In Touch with Geometry and Beyond – Discover, Foster and Assess with sketchometryDr. Carsten MillerUniversität BayreuthArticle summarizing the lecture: sketchometry – In Touch with Geometry … and Beyond! Príprava budúcich učiteľov matematiky v digitálnej dobedoc. PaedDr. Mária Slavíčková, PhD.Univerzita Komenského v Bratislave Kritické a tvořivé využívání dynamické geometrie v matematice základní školyMgr. Lukáš Vízek, Ph.D.Univerzita Hradec &hellip; <a href="https://home.pf.jcu.cz/~upvm/2023/index.php/plenarni-prednasky/" class="more-link">Pokračovat ve čtení<span class="screen-reader-text"> &#8222;Plenární přednášky&#8220;</span></a></p>
