{"id":61,"date":"2011-02-19T12:55:47","date_gmt":"2011-02-19T12:55:47","guid":{"rendered":"http:\/\/localhost\/upvvm\/2011\/?page_id=25"},"modified":"2023-06-13T21:18:36","modified_gmt":"2023-06-13T19:18:36","slug":"ubytovani","status":"publish","type":"page","link":"https:\/\/home.pf.jcu.cz\/~upvm\/2023\/index.php\/ubytovani\/","title":{"rendered":"Ubytov\u00e1n\u00ed"},"content":{"rendered":"<p><strong>Ubytov\u00e1n\u00ed na konferenci si za\u0159izuje ka\u017ed\u00fd \u00fa\u010dastn\u00edk s\u00e1m.<\/strong><\/p>\n<p>Zde uv\u00e1d\u00edme v\u00fdb\u011br vhodn\u00fdch ubytovac\u00edch za\u0159\u00edzen\u00ed v r\u016fzn\u00fdch cenov\u00fdch kategori\u00edch v okol\u00ed m\u00edsta kon\u00e1n\u00ed konference:<\/p>\n<p><em>Penzion Holick\u00e1,<\/em> Ant. Slav\u00ed\u010dka 166\/13<br \/>\n<em>Penzion Hawwwran,<\/em> Studentsk\u00e1 1472\/1a, <a href=\"https:\/\/penzion.hawwwran.eu\/\" target=\"_blank\" rel=\"noopener\">https:\/\/penzion.hawwwran.eu<\/a><br \/>\n<em>PrivatApartman,<\/em> Ant. Sovy 648\/8<br \/>\n<em>Penzion U \u0160\u00edpku,<\/em> \u0160\u00edpkov\u00e1 928\/2, <a href=\"http:\/\/www.usipku.cz\/index.html\" target=\"_blank\" rel=\"noopener\">http:\/\/www.usipku.cz\/index.html<\/a><br \/>\n<em>Penzion Dvo\u0159\u00e1k Pavel,<\/em> U Stromovky 1178\/1b, <a href=\"http:\/\/www.penziondvorakpavel.cz\/\" target=\"_blank\" rel=\"noopener\">http:\/\/www.penziondvorakpavel.cz<\/a><br \/>\n<em>Penzion Tur\u00edn,<\/em> U Stromovky 582\/9<br \/>\n<em>Penzion a relax centrum u Rudolfa,<\/em> T\u0159eb\u00ednsk\u00e1 1684\/8, <a href=\"https:\/\/www.penzionurudolfa.cz\/\" target=\"_blank\" rel=\"noopener\">https:\/\/www.penzionurudolfa.cz<\/a><br \/>\n<em>Atelier Lanna,<\/em> Jir\u00e1skovo n\u00e1b\u0159. ev. \u010d. 45, <a href=\"https:\/\/koncept-lanna.cz\/\" target=\"_blank\" rel=\"noopener\">https:\/\/koncept-lanna.cz<\/a><\/p>\n<p>\u0158ada dal\u0161\u00edch ubytovac\u00edch za\u0159\u00edzen\u00ed je k dispozici v centru \u010cesk\u00fdch Bud\u011bjovic, viz nap\u0159\u00edklad:<\/p>\n<p><em>AG Penzion Smetanka,<\/em> <a href=\"https:\/\/www.penzion-cbudejovice.cz\/\" target=\"_blank\" rel=\"noopener noreferrer\">https:\/\/www.penzion-cbudejovice.cz<\/a><br \/>\n<em>Grandhotel Zvon,<\/em><a href=\"https:\/\/www.hotel-zvon.cz\/\" target=\"_blank\" rel=\"noopener noreferrer\">\u00a0https:\/\/www.hotel-zvon.cz<\/a><br \/>\n<em>Hotel Budweis,<\/em>\u00a0<a href=\"http:\/\/www.hotelbudweis.cz\" target=\"_blank\" rel=\"noopener noreferrer\">http:\/\/www.hotelbudweis.cz<\/a><br \/>\n<em>Hotel Metropol,<\/em> <a href=\"https:\/\/www.hotelmetropolcb.cz\" target=\"_blank\" rel=\"noopener\">https:\/\/www.hotelmetropolcb.cz<\/a><br \/>\n<em>Hotel U n\u00e1dra\u017e\u00ed,<\/em>\u00a0<a href=\"http:\/\/www.hotelcb.cz\/\" target=\"_blank\" rel=\"noopener noreferrer\">http:\/\/www.hotelcb.cz\/<\/a><br \/>\n<em>Hotel Z\u00e1tk\u016fv D\u016fm,<\/em>\u00a0<a href=\"http:\/\/zatkuvdum.cz\" target=\"_blank\" rel=\"noopener noreferrer\">http:\/\/zatkuvdum.cz<\/a><br \/>\n<em>Sport Hotel \u010cesk\u00e9 Bud\u011bjovice,<\/em>\u00a0<a href=\"http:\/\/www.sporthotelcb.cz\" target=\"_blank\" rel=\"noopener noreferrer\">http:\/\/www.sporthotelcb.cz<\/a><br \/>\n<em>Ubytovna U n\u00e1dra\u017e\u00ed,<\/em>\u00a0<a href=\"http:\/\/www.ubytovnacb.cz\" target=\"_blank\" rel=\"noopener noreferrer\">http:\/\/www.ubytovnacb.cz<\/a><\/p>\n<p><iframe loading=\"lazy\" style=\"border: 0;\" src=\"https:\/\/www.google.com\/maps\/embed?pb=!1m16!1m12!1m3!1d2202.1628981628596!2d14.452451395290343!3d48.97580252931994!2m3!1f0!2f0!3f0!3m2!1i1024!2i768!4f13.1!2m1!1sHotely!5e0!3m2!1scs!2scz!4v1686683675388!5m2!1scs!2scz\" width=\"600\" height=\"450\" allowfullscreen=\"allowfullscreen\"><\/iframe><\/p>\n<p>Dal\u0161\u00ed mo\u017enosti viz\u00a0<a href=\"https:\/\/www.booking.com\/accommodation\/city\/cz\/ceske-budejovice.cs.html\" target=\"_blank\" rel=\"noopener noreferrer\">https:\/\/www.booking.com\/accommodation\/city\/cz\/ceske-budejovice.cs.html<\/a><\/p>\n","protected":false},"excerpt":{"rendered":"<p>Ubytov\u00e1n\u00ed na konferenci si za\u0159izuje ka\u017ed\u00fd \u00fa\u010dastn\u00edk s\u00e1m. Zde uv\u00e1d\u00edme v\u00fdb\u011br vhodn\u00fdch ubytovac\u00edch za\u0159\u00edzen\u00ed v r\u016fzn\u00fdch cenov\u00fdch kategori\u00edch v okol\u00ed m\u00edsta kon\u00e1n\u00ed konference: Penzion Holick\u00e1, Ant. Slav\u00ed\u010dka 166\/13 Penzion Hawwwran, Studentsk\u00e1 1472\/1a, https:\/\/penzion.hawwwran.eu PrivatApartman, Ant. Sovy 648\/8 Penzion U \u0160\u00edpku, \u0160\u00edpkov\u00e1 928\/2, http:\/\/www.usipku.cz\/index.html Penzion Dvo\u0159\u00e1k Pavel, U Stromovky 1178\/1b, http:\/\/www.penziondvorakpavel.cz Penzion Tur\u00edn, U Stromovky 582\/9 &hellip; <a href=\"https:\/\/home.pf.jcu.cz\/~upvm\/2023\/index.php\/ubytovani\/\" class=\"more-link\">Pokra\u010dovat ve \u010dten\u00ed<span class=\"screen-reader-text\"> &#8222;Ubytov\u00e1n\u00ed&#8220;<\/span><\/a><\/p>\n","protected":false},"author":1,"featured_media":0,"parent":0,"menu_order":0,"comment_status":"closed","ping_status":"open","template":"","meta":{"footnotes":""},"class_list":["post-61","page","type-page","status-publish","hentry"],"_links":{"self":[{"href":"https:\/\/home.pf.jcu.cz\/~upvm\/2023\/index.php\/wp-json\/wp\/v2\/pages\/61","targetHints":{"allow":["GET"]}}],"collection":[{"href":"https:\/\/home.pf.jcu.cz\/~upvm\/2023\/index.php\/wp-json\/wp\/v2\/pages"}],"about":[{"href":"https:\/\/home.pf.jcu.cz\/~upvm\/2023\/index.php\/wp-json\/wp\/v2\/types\/page"}],"author":[{"embeddable":true,"href":"https:\/\/home.pf.jcu.cz\/~upvm\/2023\/index.php\/wp-json\/wp\/v2\/users\/1"}],"replies":[{"embeddable":true,"href":"https:\/\/home.pf.jcu.cz\/~upvm\/2023\/index.php\/wp-json\/wp\/v2\/comments?post=61"}],"version-history":[{"count":11,"href":"https:\/\/home.pf.jcu.cz\/~upvm\/2023\/index.php\/wp-json\/wp\/v2\/pages\/61\/revisions"}],"predecessor-version":[{"id":1302,"href":"https:\/\/home.pf.jcu.cz\/~upvm\/2023\/index.php\/wp-json\/wp\/v2\/pages\/61\/revisions\/1302"}],"wp:attachment":[{"href":"https:\/\/home.pf.jcu.cz\/~upvm\/2023\/index.php\/wp-json\/wp\/v2\/media?parent=61"}],"curies":[{"name":"wp","href":"https:\/\/api.w.org\/{rel}","templated":true}]}}