{"id":1943,"date":"2026-01-07T11:55:18","date_gmt":"2026-01-07T10:55:18","guid":{"rendered":"https:\/\/home.pf.jcu.cz\/~upvm\/2025\/?page_id=1943"},"modified":"2026-01-07T11:57:38","modified_gmt":"2026-01-07T10:57:38","slug":"prednasky-na-youtube","status":"publish","type":"page","link":"https:\/\/home.pf.jcu.cz\/~upvm\/2025\/prednasky-na-youtube\/","title":{"rendered":"P\u0159edn\u00e1\u0161ky na YouTube"},"content":{"rendered":"\n<p>Zde je odkaz na videoz\u00e1znamy zah\u00e1jen\u00ed konference a plen\u00e1rn\u00edch p\u0159edn\u00e1\u0161ek na YouTube: <\/p>\n\n\n\n<p class=\"has-text-align-center\"><a href=\"https:\/\/www.youtube.com\/playlist?list=PLc6uzZ_9dtBFuxRwiyzJ7psChB_4j4yMs\" target=\"_blank\" rel=\"noreferrer noopener\">UPVM 2025 - YouTube<\/a><\/p>\n\n\n\n<p><\/p>\n","protected":false},"excerpt":{"rendered":"<p>Zde je odkaz na videoz\u00e1znamy zah\u00e1jen\u00ed konference a plen\u00e1rn\u00edch p\u0159edn\u00e1\u0161ek na YouTube: UPVM 2025 &#8211; YouTube<\/p>\n","protected":false},"author":2,"featured_media":0,"parent":0,"menu_order":0,"comment_status":"closed","ping_status":"closed","template":"","meta":{"footnotes":""},"class_list":["post-1943","page","type-page","status-publish","hentry"],"_links":{"self":[{"href":"https:\/\/home.pf.jcu.cz\/~upvm\/2025\/wp-json\/wp\/v2\/pages\/1943","targetHints":{"allow":["GET"]}}],"collection":[{"href":"https:\/\/home.pf.jcu.cz\/~upvm\/2025\/wp-json\/wp\/v2\/pages"}],"about":[{"href":"https:\/\/home.pf.jcu.cz\/~upvm\/2025\/wp-json\/wp\/v2\/types\/page"}],"author":[{"embeddable":true,"href":"https:\/\/home.pf.jcu.cz\/~upvm\/2025\/wp-json\/wp\/v2\/users\/2"}],"replies":[{"embeddable":true,"href":"https:\/\/home.pf.jcu.cz\/~upvm\/2025\/wp-json\/wp\/v2\/comments?post=1943"}],"version-history":[{"count":3,"href":"https:\/\/home.pf.jcu.cz\/~upvm\/2025\/wp-json\/wp\/v2\/pages\/1943\/revisions"}],"predecessor-version":[{"id":1947,"href":"https:\/\/home.pf.jcu.cz\/~upvm\/2025\/wp-json\/wp\/v2\/pages\/1943\/revisions\/1947"}],"wp:attachment":[{"href":"https:\/\/home.pf.jcu.cz\/~upvm\/2025\/wp-json\/wp\/v2\/media?parent=1943"}],"curies":[{"name":"wp","href":"https:\/\/api.w.org\/{rel}","templated":true}]}}