{"id":225,"date":"2013-03-08T15:17:44","date_gmt":"2013-03-08T15:17:44","guid":{"rendered":"http:\/\/home.pf.jcu.cz\/~upvvm\/2013\/?page_id=225"},"modified":"2025-10-23T17:35:37","modified_gmt":"2025-10-23T15:35:37","slug":"doprovodny-program","status":"publish","type":"page","link":"https:\/\/home.pf.jcu.cz\/~upvm\/2025\/doprovodny-program\/","title":{"rendered":"Doprovodn\u00fd program"},"content":{"rendered":"\n<p>Na \u010dtvrte\u010dn\u00ed ve\u010der 13. 11. je pro \u00fa\u010dastn\u00edky konference p\u0159ipravena nab\u00eddka t\u011bchto akc\u00ed:<\/p>\n\n\n\n<ol start=\"1\" class=\"wp-block-list\">\n<li>Program <strong>Hv\u011bzdn\u00e1 obloha<\/strong> v Planet\u00e1riu \u010cB, 19:00 - 20:00 (sraz v <strong>18:45<\/strong> p\u0159ed Planet\u00e1riem, kapacita: 48)<\/li>\n\n\n\n<li>Hudebn\u00ed program <strong>Pink Floyd<\/strong> v Planet\u00e1riu \u010cB, 18:00 - 19:00 (sraz v <strong>17:45<\/strong> p\u0159ed Planet\u00e1riem, kapacita: 48)<\/li>\n\n\n\n<li><strong>Exkurze ve Vod\u00e1rensk\u00e9 v\u011b\u017ei<\/strong>, 18:00 - 19:30 (sraz v <strong>17:45<\/strong> p\u0159ed Vod\u00e1renskou v\u011b\u017e\u00ed, kapacita: 25)<\/li>\n<\/ol>\n\n\n\n<p>Z d\u016fvodu omezen\u00e9 kapacity akc\u00ed p\u0159edpokl\u00e1d\u00e1me, \u017ee se ka\u017ed\u00fd \u00fa\u010dastn\u00ed nejv\u00fd\u0161e jedn\u00e9 z nich. <strong>\u00da\u010dast je zdarma<\/strong>. P\u0159ihl\u00e1\u0161en\u00ed prob\u00edh\u00e1 prost\u0159ednictv\u00edm sd\u00edlen\u00e9 tabulky: <a href=\"https:\/\/jucb-my.sharepoint.com\/:x:\/g\/personal\/rosapr00_jcu_cz\/EQVizhRqWABLtk95_UeSFykB3SWKFkLFiDumSr0bu5xScw?rtime=SmHR2G8K3kg\" target=\"_blank\" rel=\"noreferrer noopener\">UPVM 2025 - Doprovodn\u00fd program.xlsx<\/a><\/p>\n\n\n\n<p>Odkazy:<br><a href=\"https:\/\/eur02.safelinks.protection.outlook.com\/?url=https%3A%2F%2Fwww.hvezdarnacb.cz%2F&amp;data=05%7C02%7Chasek%40pf.jcu.cz%7C7065d6cae1d64328723008de098eab2c%7Cc35f5da49a0344e68bf992833634f6a7%7C0%7C0%7C638958705504418695%7CUnknown%7CTWFpbGZsb3d8eyJFbXB0eU1hcGkiOnRydWUsIlYiOiIwLjAuMDAwMCIsIlAiOiJXaW4zMiIsIkFOIjoiTWFpbCIsIldUIjoyfQ%3D%3D%7C0%7C%7C%7C&amp;sdata=3%2BWXG9dCVgqKsvLCrAbObi8EFeCtFR31CkKZ3Hzy9k4%3D&amp;reserved=0\" target=\"_blank\" rel=\"noreferrer noopener\">Ofici\u00e1ln\u00ed str\u00e1nky Hv\u011bzd\u00e1rny a planet\u00e1ria \u010cesk\u00e9 Bud\u011bjovice<\/a>&nbsp;<br><a href=\"https:\/\/eur02.safelinks.protection.outlook.com\/?url=https%3A%2F%2Fwww.vodarenskavezcb.cz%2F&amp;data=05%7C02%7Chasek%40pf.jcu.cz%7C7065d6cae1d64328723008de098eab2c%7Cc35f5da49a0344e68bf992833634f6a7%7C0%7C0%7C638958705504438940%7CUnknown%7CTWFpbGZsb3d8eyJFbXB0eU1hcGkiOnRydWUsIlYiOiIwLjAuMDAwMCIsIlAiOiJXaW4zMiIsIkFOIjoiTWFpbCIsIldUIjoyfQ%3D%3D%7C0%7C%7C%7C&amp;sdata=Kl9nqiwUkYDlotKq3ik6p9oAK5gUhw12BJqiuABmYQ8%3D&amp;reserved=0\" target=\"_blank\" rel=\"noreferrer noopener\">Vod\u00e1rensk\u00e1 v\u011b\u017e<\/a>&nbsp;<\/p>\n\n\n\n<p><\/p>\n","protected":false},"excerpt":{"rendered":"<p>Na \u010dtvrte\u010dn\u00ed ve\u010der 13. 11. je pro \u00fa\u010dastn\u00edky konference p\u0159ipravena nab\u00eddka t\u011bchto akc\u00ed: Z d\u016fvodu omezen\u00e9 kapacity akc\u00ed p\u0159edpokl\u00e1d\u00e1me, \u017ee se ka\u017ed\u00fd \u00fa\u010dastn\u00ed nejv\u00fd\u0161e jedn\u00e9 z nich. \u00da\u010dast je zdarma. P\u0159ihl\u00e1\u0161en\u00ed prob\u00edh\u00e1 prost\u0159ednictv\u00edm sd\u00edlen\u00e9 tabulky: UPVM 2025 &#8211; Doprovodn\u00fd program.xlsx Odkazy:Ofici\u00e1ln\u00ed str\u00e1nky Hv\u011bzd\u00e1rny a planet\u00e1ria \u010cesk\u00e9 Bud\u011bjovice&nbsp;Vod\u00e1rensk\u00e1 v\u011b\u017e&nbsp;<\/p>\n","protected":false},"author":1,"featured_media":0,"parent":0,"menu_order":0,"comment_status":"closed","ping_status":"closed","template":"","meta":{"footnotes":""},"class_list":["post-225","page","type-page","status-publish","hentry"],"_links":{"self":[{"href":"https:\/\/home.pf.jcu.cz\/~upvm\/2025\/wp-json\/wp\/v2\/pages\/225","targetHints":{"allow":["GET"]}}],"collection":[{"href":"https:\/\/home.pf.jcu.cz\/~upvm\/2025\/wp-json\/wp\/v2\/pages"}],"about":[{"href":"https:\/\/home.pf.jcu.cz\/~upvm\/2025\/wp-json\/wp\/v2\/types\/page"}],"author":[{"embeddable":true,"href":"https:\/\/home.pf.jcu.cz\/~upvm\/2025\/wp-json\/wp\/v2\/users\/1"}],"replies":[{"embeddable":true,"href":"https:\/\/home.pf.jcu.cz\/~upvm\/2025\/wp-json\/wp\/v2\/comments?post=225"}],"version-history":[{"count":9,"href":"https:\/\/home.pf.jcu.cz\/~upvm\/2025\/wp-json\/wp\/v2\/pages\/225\/revisions"}],"predecessor-version":[{"id":1755,"href":"https:\/\/home.pf.jcu.cz\/~upvm\/2025\/wp-json\/wp\/v2\/pages\/225\/revisions\/1755"}],"wp:attachment":[{"href":"https:\/\/home.pf.jcu.cz\/~upvm\/2025\/wp-json\/wp\/v2\/media?parent=225"}],"curies":[{"name":"wp","href":"https:\/\/api.w.org\/{rel}","templated":true}]}}

Doprovodný program

<p>Na čtvrteční večer 13. 11. je pro účastníky konference připravena nabídka těchto akcí:</p>



<ol start="1" class="wp-block-list">
<li>Program <strong>Hvězdná obloha</strong> v Planetáriu ČB, 19:00 - 20:00 (sraz v <strong>18:45</strong> před Planetáriem, kapacita: 48)</li>



<li>Hudební program <strong>Pink Floyd</strong> v Planetáriu ČB, 18:00 - 19:00 (sraz v <strong>17:45</strong> před Planetáriem, kapacita: 48)</li>



<li><strong>Exkurze ve Vodárenské věži</strong>, 18:00 - 19:30 (sraz v <strong>17:45</strong> před Vodárenskou věží, kapacita: 25)</li>
</ol>



<p>Z důvodu omezené kapacity akcí předpokládáme, že se každý účastní nejvýše jedné z nich. <strong>Účast je zdarma</strong>. Přihlášení probíhá prostřednictvím sdílené tabulky: <a href="https://jucb-my.sharepoint.com/:x:/g/personal/rosapr00_jcu_cz/EQVizhRqWABLtk95_UeSFykB3SWKFkLFiDumSr0bu5xScw?rtime=SmHR2G8K3kg" target="_blank" rel="noreferrer noopener">UPVM 2025 - Doprovodný program.xlsx</a></p>



<p>Odkazy:<br><a href="https://eur02.safelinks.protection.outlook.com/?url=https%3A%2F%2Fwww.hvezdarnacb.cz%2F&amp;data=05%7C02%7Chasek%40pf.jcu.cz%7C7065d6cae1d64328723008de098eab2c%7Cc35f5da49a0344e68bf992833634f6a7%7C0%7C0%7C638958705504418695%7CUnknown%7CTWFpbGZsb3d8eyJFbXB0eU1hcGkiOnRydWUsIlYiOiIwLjAuMDAwMCIsIlAiOiJXaW4zMiIsIkFOIjoiTWFpbCIsIldUIjoyfQ%3D%3D%7C0%7C%7C%7C&amp;sdata=3%2BWXG9dCVgqKsvLCrAbObi8EFeCtFR31CkKZ3Hzy9k4%3D&amp;reserved=0" target="_blank" rel="noreferrer noopener">Oficiální stránky Hvězdárny a planetária České Budějovice</a>&nbsp;<br><a href="https://eur02.safelinks.protection.outlook.com/?url=https%3A%2F%2Fwww.vodarenskavezcb.cz%2F&amp;data=05%7C02%7Chasek%40pf.jcu.cz%7C7065d6cae1d64328723008de098eab2c%7Cc35f5da49a0344e68bf992833634f6a7%7C0%7C0%7C638958705504438940%7CUnknown%7CTWFpbGZsb3d8eyJFbXB0eU1hcGkiOnRydWUsIlYiOiIwLjAuMDAwMCIsIlAiOiJXaW4zMiIsIkFOIjoiTWFpbCIsIldUIjoyfQ%3D%3D%7C0%7C%7C%7C&amp;sdata=Kl9nqiwUkYDlotKq3ik6p9oAK5gUhw12BJqiuABmYQ8%3D&amp;reserved=0" target="_blank" rel="noreferrer noopener">Vodárenská věž</a>&nbsp;</p>



<p></p>

<p>Na čtvrteční večer 13. 11. je pro účastníky konference připravena nabídka těchto akcí: Z důvodu omezené kapacity akcí předpokládáme, že se každý účastní nejvýše jedné z nich. Účast je zdarma. Přihlášení probíhá prostřednictvím sdílené tabulky: UPVM 2025 &#8211; Doprovodný program.xlsx Odkazy:Oficiální stránky Hvězdárny a planetária České Budějovice&nbsp;Vodárenská věž&nbsp;</p>
