{"id":391,"date":"2015-10-30T12:09:47","date_gmt":"2015-10-30T12:09:47","guid":{"rendered":"http:\/\/home.pf.jcu.cz\/~upvvm\/2015\/?page_id=391"},"modified":"2025-11-10T17:05:42","modified_gmt":"2025-11-10T16:05:42","slug":"workshopy","status":"publish","type":"page","link":"https:\/\/home.pf.jcu.cz\/~upvm\/2025\/workshopy\/","title":{"rendered":"Workshopy"},"content":{"rendered":"\n<p>Mgr. Daniela B\u00edmov\u00e1, Ph.D.<br><em>Technick\u00e1 univerzita v Liberci, Fakulta p\u0159\u00edrodov\u011bdn\u011b-humanitn\u00ed a pedagogick\u00e1<\/em><br><a href=\"https:\/\/home.pf.jcu.cz\/~upvm\/2025\/?p=1713\" target=\"_blank\" rel=\"noreferrer noopener\">Od digit\u00e1ln\u00ed simulace k odvalov\u00e1n\u00ed 3D ti\u0161t\u011bn\u00e9ho fyzick\u00e9ho modelu<\/a><\/p>\n\n\n\n<p>Mgr. Jana Dole\u017ealov\u00e1<sup>1<\/sup>, Ing. Petra Kuncov\u00e1<sup>2<\/sup>, doc. RNDr. Vladim\u00edra Petr\u00e1\u0161kov\u00e1, Ph.D.<sup>3<\/sup><br><sup>1<\/sup><em>Z\u00e1kladn\u00ed \u0161kola Vimperk, Smetanova 405<\/em>; <sup>2<\/sup><em>\u010cesk\u00fd statistick\u00fd \u00fa\u0159ad<\/em>; <sup>3<\/sup><em>Jiho\u010desk\u00e1 univerzita v&nbsp;\u010cesk\u00fdch Bud\u011bjovic\u00edch, Pedagogick\u00e1 fakulta<\/em><br><a href=\"https:\/\/home.pf.jcu.cz\/~upvm\/2025\/2025\/10\/29\/statistika-pro-digitalni-generaci-mezipredmetove-a-interaktivne\/\" target=\"_blank\" rel=\"noreferrer noopener\">Statistika pro digit\u00e1ln\u00ed generaci: Mezip\u0159edm\u011btov\u011b a interaktivn\u011b<\/a><\/p>\n\n\n\n<p>Mgr. Tom\u00e1\u0161 Fabi\u00e1n<br><em>Gymn\u00e1zium, Dv\u016fr Kr\u00e1lov\u00e9 nad Labem<\/em><br><a href=\"https:\/\/home.pf.jcu.cz\/~upvm\/2025\/2025\/10\/29\/fraktaly-v-geogebre\/\" target=\"_blank\" rel=\"noreferrer noopener\">Frakt\u00e1ly v GeoGeb\u0159e<\/a><\/p>\n\n\n\n<p>Mgr. Kate\u0159ina Kalov\u00e1<br><em>Z\u00e1kladn\u00ed \u0161kola T\u00e1bor, Husova 1570<\/em><br><a href=\"https:\/\/home.pf.jcu.cz\/~upvm\/2025\/?p=1707\" target=\"_blank\" rel=\"noreferrer noopener\">Molekul\u00e1rn\u00ed architektura<\/a><\/p>\n\n\n\n<p>doc. RNDr. Helena Koldov\u00e1, Ph.D., Mgr. Luk\u00e1\u0161 Rokos, Ph.D.<br><em>Jiho\u010desk\u00e1 univerzita v&nbsp;\u010cesk\u00fdch Bud\u011bjovic\u00edch, Pedagogick\u00e1 fakulta<\/em><br><a href=\"https:\/\/home.pf.jcu.cz\/~upvm\/2025\/2025\/10\/31\/jak-si-pripadaji-ucitele-z-praxe-jisti-pri-integrovane-vyuce-prirodovednych-predmetu-techniky-informatiky-a-matematiky-2\/\" target=\"_blank\" rel=\"noreferrer noopener\">Jak si p\u0159ipadaj\u00ed u\u010ditel\u00e9 z praxe jist\u00ed p\u0159i integrovan\u00e9 v\u00fduce p\u0159\u00edrodov\u011bdn\u00fdch p\u0159edm\u011bt\u016f, techniky, informatiky a matematiky?<\/a><\/p>\n\n\n\n<p>Mgr. Hana Mahnelov\u00e1, Ph.D.<br><em>NPI \u010cR, Praha 1<\/em><br><a href=\"https:\/\/home.pf.jcu.cz\/~upvm\/2025\/2025\/11\/05\/aktivity-podporujici-rozvoj-digitalnich-kompetenci-zaku-v-matematice-2\/\" target=\"_blank\" rel=\"noreferrer noopener\">Aktivity podporuj\u00edc\u00ed rozvoj digit\u00e1ln\u00edch kompetenc\u00ed \u017e\u00e1k\u016f v matematice<\/a><\/p>\n\n\n\n<p>RNDr. Roman Plch, Ph.D.<br><em>\u00daMS P\u0159F MU, Brno<\/em><br><a href=\"https:\/\/home.pf.jcu.cz\/~upvm\/2025\/?p=1696\" target=\"_blank\" rel=\"noreferrer noopener\">AI ve v\u00fduce matematiky na st\u0159edn\u00ed \u0161kole<\/a><\/p>\n\n\n\n<p>Mgr. Vladim\u00edr Pol\u00e1\u0161ek, Ph.D., doc. Mgr. Zuzana P\u00e1t\u00edkov\u00e1, Ph.D., Mgr. Lubom\u00edr Sedl\u00e1\u010dek, Ph.D.<br><em>Univerzita Tom\u00e1\u0161e Bati ve Zl\u00edn\u011b, Fakulta aplikovan\u00e9 informatiky<\/em><br><a href=\"https:\/\/home.pf.jcu.cz\/~upvm\/2025\/2025\/11\/06\/matematicke-ulohy-s-moodle-pluginem-stack-2\/\" target=\"_blank\" rel=\"noreferrer noopener\">Matematick\u00e9 \u00falohy s moodle pluginem STACK<\/a><\/p>\n\n\n\n<p>RNDr. Josef Rak, Ph.D.<br><em>Gymn\u00e1zium, Pardubice<\/em><br><a href=\"https:\/\/home.pf.jcu.cz\/~upvm\/2025\/?p=1703\" target=\"_blank\" rel=\"noreferrer noopener\">Kalkul\u00e1rory Classwiz a prost\u0159ed\u00ed classpad.net<\/a><\/p>\n\n\n\n<p>Mgr. Luk\u00e1\u0161 V\u00edzek, Ph.D.<br><em>Univerzita Hradec Kr\u00e1lov\u00e9, Hradec Kr\u00e1lov\u00e9<\/em><br><a href=\"https:\/\/home.pf.jcu.cz\/~upvm\/2025\/?p=1687\" target=\"_blank\" rel=\"noreferrer noopener\">Jak z v\u00fdzkumu u\u017eit\u00ed po\u010d\u00edta\u010d\u016f ve v\u00fduce vybagrovat hodinu matematiky<\/a><\/p>\n\n\n\n<p><\/p>\n","protected":false},"excerpt":{"rendered":"<p>Mgr. Daniela B\u00edmov\u00e1, Ph.D.Technick\u00e1 univerzita v Liberci, Fakulta p\u0159\u00edrodov\u011bdn\u011b-humanitn\u00ed a pedagogick\u00e1Od digit\u00e1ln\u00ed simulace k odvalov\u00e1n\u00ed 3D ti\u0161t\u011bn\u00e9ho fyzick\u00e9ho modelu Mgr. Jana Dole\u017ealov\u00e11, Ing. Petra Kuncov\u00e12, doc. RNDr. Vladim\u00edra Petr\u00e1\u0161kov\u00e1, Ph.D.31Z\u00e1kladn\u00ed \u0161kola Vimperk, Smetanova 405; 2\u010cesk\u00fd statistick\u00fd \u00fa\u0159ad; 3Jiho\u010desk\u00e1 univerzita v&nbsp;\u010cesk\u00fdch Bud\u011bjovic\u00edch, Pedagogick\u00e1 fakultaStatistika pro digit\u00e1ln\u00ed generaci: Mezip\u0159edm\u011btov\u011b a interaktivn\u011b Mgr. Tom\u00e1\u0161 Fabi\u00e1nGymn\u00e1zium, Dv\u016fr Kr\u00e1lov\u00e9 nad &hellip; <a href=\"https:\/\/home.pf.jcu.cz\/~upvm\/2025\/workshopy\/\" class=\"more-link\">Pokra\u010dovat ve \u010dten\u00ed<span class=\"screen-reader-text\"> &#8222;Workshopy&#8220;<\/span><\/a><\/p>\n","protected":false},"author":1,"featured_media":0,"parent":0,"menu_order":0,"comment_status":"closed","ping_status":"closed","template":"","meta":{"footnotes":""},"class_list":["post-391","page","type-page","status-publish","hentry"],"_links":{"self":[{"href":"https:\/\/home.pf.jcu.cz\/~upvm\/2025\/wp-json\/wp\/v2\/pages\/391","targetHints":{"allow":["GET"]}}],"collection":[{"href":"https:\/\/home.pf.jcu.cz\/~upvm\/2025\/wp-json\/wp\/v2\/pages"}],"about":[{"href":"https:\/\/home.pf.jcu.cz\/~upvm\/2025\/wp-json\/wp\/v2\/types\/page"}],"author":[{"embeddable":true,"href":"https:\/\/home.pf.jcu.cz\/~upvm\/2025\/wp-json\/wp\/v2\/users\/1"}],"replies":[{"embeddable":true,"href":"https:\/\/home.pf.jcu.cz\/~upvm\/2025\/wp-json\/wp\/v2\/comments?post=391"}],"version-history":[{"count":12,"href":"https:\/\/home.pf.jcu.cz\/~upvm\/2025\/wp-json\/wp\/v2\/pages\/391\/revisions"}],"predecessor-version":[{"id":1886,"href":"https:\/\/home.pf.jcu.cz\/~upvm\/2025\/wp-json\/wp\/v2\/pages\/391\/revisions\/1886"}],"wp:attachment":[{"href":"https:\/\/home.pf.jcu.cz\/~upvm\/2025\/wp-json\/wp\/v2\/media?parent=391"}],"curies":[{"name":"wp","href":"https:\/\/api.w.org\/{rel}","templated":true}]}}

<p>Mgr. Daniela Bímová, Ph.D.<br><em>Technická univerzita v Liberci, Fakulta přírodovědně-humanitní a pedagogická</em><br><a href="https://home.pf.jcu.cz/~upvm/2025/?p=1713" target="_blank" rel="noreferrer noopener">Od digitální simulace k odvalování 3D tištěného fyzického modelu</a></p>



<p>Mgr. Jana Doležalová<sup>1</sup>, Ing. Petra Kuncová<sup>2</sup>, doc. RNDr. Vladimíra Petrášková, Ph.D.<sup>3</sup><br><sup>1</sup><em>Základní škola Vimperk, Smetanova 405</em>; <sup>2</sup><em>Český statistický úřad</em>; <sup>3</sup><em>Jihočeská univerzita v&nbsp;Českých Budějovicích, Pedagogická fakulta</em><br><a href="https://home.pf.jcu.cz/~upvm/2025/2025/10/29/statistika-pro-digitalni-generaci-mezipredmetove-a-interaktivne/" target="_blank" rel="noreferrer noopener">Statistika pro digitální generaci: Mezipředmětově a interaktivně</a></p>



<p>Mgr. Tomáš Fabián<br><em>Gymnázium, Dvůr Králové nad Labem</em><br><a href="https://home.pf.jcu.cz/~upvm/2025/2025/10/29/fraktaly-v-geogebre/" target="_blank" rel="noreferrer noopener">Fraktály v GeoGebře</a></p>



<p>Mgr. Kateřina Kalová<br><em>Základní škola Tábor, Husova 1570</em><br><a href="https://home.pf.jcu.cz/~upvm/2025/?p=1707" target="_blank" rel="noreferrer noopener">Molekulární architektura</a></p>



<p>doc. RNDr. Helena Koldová, Ph.D., Mgr. Lukáš Rokos, Ph.D.<br><em>Jihočeská univerzita v&nbsp;Českých Budějovicích, Pedagogická fakulta</em><br><a href="https://home.pf.jcu.cz/~upvm/2025/2025/10/31/jak-si-pripadaji-ucitele-z-praxe-jisti-pri-integrovane-vyuce-prirodovednych-predmetu-techniky-informatiky-a-matematiky-2/" target="_blank" rel="noreferrer noopener">Jak si připadají učitelé z praxe jistí při integrované výuce přírodovědných předmětů, techniky, informatiky a matematiky?</a></p>



<p>Mgr. Hana Mahnelová, Ph.D.<br><em>NPI ČR, Praha 1</em><br><a href="https://home.pf.jcu.cz/~upvm/2025/2025/11/05/aktivity-podporujici-rozvoj-digitalnich-kompetenci-zaku-v-matematice-2/" target="_blank" rel="noreferrer noopener">Aktivity podporující rozvoj digitálních kompetencí žáků v matematice</a></p>



<p>RNDr. Roman Plch, Ph.D.<br><em>ÚMS PřF MU, Brno</em><br><a href="https://home.pf.jcu.cz/~upvm/2025/?p=1696" target="_blank" rel="noreferrer noopener">AI ve výuce matematiky na střední škole</a></p>



<p>Mgr. Vladimír Polášek, Ph.D., doc. Mgr. Zuzana Pátíková, Ph.D., Mgr. Lubomír Sedláček, Ph.D.<br><em>Univerzita Tomáše Bati ve Zlíně, Fakulta aplikované informatiky</em><br><a href="https://home.pf.jcu.cz/~upvm/2025/2025/11/06/matematicke-ulohy-s-moodle-pluginem-stack-2/" target="_blank" rel="noreferrer noopener">Matematické úlohy s moodle pluginem STACK</a></p>



<p>RNDr. Josef Rak, Ph.D.<br><em>Gymnázium, Pardubice</em><br><a href="https://home.pf.jcu.cz/~upvm/2025/?p=1703" target="_blank" rel="noreferrer noopener">Kalkulárory Classwiz a prostředí classpad.net</a></p>



<p>Mgr. Lukáš Vízek, Ph.D.<br><em>Univerzita Hradec Králové, Hradec Králové</em><br><a href="https://home.pf.jcu.cz/~upvm/2025/?p=1687" target="_blank" rel="noreferrer noopener">Jak z výzkumu užití počítačů ve výuce vybagrovat hodinu matematiky</a></p>



<p></p>

<p>Mgr. Daniela Bímová, Ph.D.Technická univerzita v Liberci, Fakulta přírodovědně-humanitní a pedagogickáOd digitální simulace k odvalování 3D tištěného fyzického modelu Mgr. Jana Doležalová1, Ing. Petra Kuncová2, doc. RNDr. Vladimíra Petrášková, Ph.D.31Základní škola Vimperk, Smetanova 405; 2Český statistický úřad; 3Jihočeská univerzita v&nbsp;Českých Budějovicích, Pedagogická fakultaStatistika pro digitální generaci: Mezipředmětově a interaktivně Mgr. Tomáš FabiánGymnázium, Dvůr Králové nad &hellip; <a href="https://home.pf.jcu.cz/~upvm/2025/workshopy/" class="more-link">Pokračovat ve čtení<span class="screen-reader-text"> &#8222;Workshopy&#8220;</span></a></p>
