{"id":48,"date":"2017-02-20T23:36:03","date_gmt":"2017-02-20T22:36:03","guid":{"rendered":"http:\/\/home.pf.jcu.cz\/~upvvm\/2017\/?page_id=48"},"modified":"2025-09-23T17:24:17","modified_gmt":"2025-09-23T15:24:17","slug":"dobry-den","status":"publish","type":"page","link":"https:\/\/home.pf.jcu.cz\/~upvm\/2025\/","title":{"rendered":"\u00davod"},"content":{"rendered":"\n<p>Ve dnech od 13. do 15. listopadu 2025 po\u0159\u00e1daj\u00ed <a href=\"http:\/\/www.pf.jcu.cz\/stru\/katedry\/m\/\" target=\"_blank\" rel=\"noreferrer noopener\">Katedra matematiky Pedagogick\u00e9 fakulty Jiho\u010desk\u00e9 univerzity v&nbsp;\u010cesk\u00fdch Bud\u011bjovic\u00edch<\/a> , <a href=\"http:\/\/www.suma.jcmf.cz\" target=\"_blank\" rel=\"noreferrer noopener\">Spole\u010dnost u\u010ditel\u016f matematiky (SUMA) J\u010cMF<\/a> a <a href=\"http:\/\/home.pf.jcu.cz\/~jcmf\/\" target=\"_blank\" rel=\"noreferrer noopener\">Jednota \u010desk\u00fdch matematik\u016f a fyzik\u016f, pobo\u010dn\u00fd spolek \u010cesk\u00e9 Bud\u011bjovice<\/a> v po\u0159ad\u00ed 12. ro\u010dn\u00edk konference <strong>U\u017eit\u00ed po\u010d\u00edta\u010d\u016f ve v\u00fduce matematiky<\/strong>.<\/p>\n\n\n<div class=\"wp-block-image\">\n<figure class=\"aligncenter\"><img decoding=\"async\" src=\"https:\/\/home.pf.jcu.cz\/~upvm\/2023\/wp-content\/uploads\/2023\/04\/logo_upvm.jpg\" alt=\"Neofici\u00e1ln\u00ed logo konfrerence.\" class=\"wp-image-1149\"\/><\/figure>\n<\/div>\n\n\n<p><\/p>\n\n\n\n<p><strong>Konference je akreditov\u00e1na Jednotou \u010desk\u00fdch matematik\u016f a fyzik\u016f jako akce pr\u016fb\u011b\u017en\u00e9ho vzd\u011bl\u00e1v\u00e1n\u00ed pedagogick\u00fdch pracovn\u00edk\u016f v rozsahu 16 hodin pod \u010d. j.: J\u010cMF 01 AKR 04001 2025.<\/strong><\/p>\n\n\n\n<p><strong>Roz\u0161\u00ed\u0159en\u00ed programu o posterovou sekci:<\/strong><br>K tradi\u010dn\u00edm form\u00e1m aktivn\u00ed \u00fa\u010dasti na konferenci, jimi\u017e jsou p\u0159\u00edsp\u011bvek a workshop, p\u0159id\u00e1v\u00e1me nov\u011b posterovou sekci. Jej\u00ed za\u0159azen\u00ed je reakc\u00ed na p\u0159\u00e1n\u00ed n\u011bkter\u00fdch \u00fa\u010dastn\u00edk\u016f a v\u011b\u0159\u00edme, \u017ee se stane obohacen\u00edm programu. <strong>Poster je mo\u017en\u00e9 p\u0159ihl\u00e1sit do 31. 10. <\/strong>zasl\u00e1n\u00edm n\u00e1zvu a anotace na adresu mhrubesova@pf.jcu.cz<\/p>\n\n\n\n<p>Konference&nbsp;se kon\u00e1 jednou za dva roky a jej\u00edm c\u00edlem je shrom\u00e1\u017edit u\u010ditele matematiky z r\u016fzn\u00fdch typ\u016f \u0161kol a dal\u0161\u00ed odborn\u00edky z oblasti \u0161kolstv\u00ed k diskus\u00edm nejenom nad t\u011bmito t\u00e9maty:<\/p>\n\n\n\n<ul class=\"wp-block-list\">\n<li>role digit\u00e1ln\u00edch technologi\u00ed ve vyu\u010dov\u00e1n\u00ed matematiky,<\/li>\n\n\n\n<li>vliv digit\u00e1ln\u00edch technologi\u00ed na obsah vyu\u010dov\u00e1n\u00ed,<\/li>\n\n\n\n<li>role u\u010ditele p\u0159i v\u00fduce podporovan\u00e9 po\u010d\u00edta\u010dem,<\/li>\n\n\n\n<li>role digit\u00e1ln\u00ed gramotnosti \u017e\u00e1k\u016f a u\u010ditel\u016f,<\/li>\n\n\n\n<li>ot\u00e1zky rozvoje digit\u00e1ln\u00ed gramotnosti p\u0159i v\u00fduce matematiky,<\/li>\n\n\n\n<li>vliv digit\u00e1ln\u00edch technologi\u00ed na rozvoj matematick\u00e9 a finan\u010dn\u00ed gramotnosti,<\/li>\n\n\n\n<li>sou\u010dasn\u00e9 pojet\u00ed v\u00fduky matematiky.<\/li>\n<\/ul>\n\n\n\n<p>Refer\u00e1ty a diskuse k uveden\u00fdm t\u00e9mat\u016fm budou prob\u00edhat v sekc\u00edch:<\/p>\n\n\n\n<ol class=\"wp-block-list\">\n<li>V\u00fduka matematiky s podporou digit\u00e1ln\u00edch technologi\u00ed, role matematiky v rozvoji digit\u00e1ln\u00ed gramotnosti \u017e\u00e1k\u016f, reflexe v revizi RVP. Obecn\u00e9 ot\u00e1zky v\u00fduky matematiky.<\/li>\n\n\n\n<li>Konkr\u00e9tn\u00ed softwarov\u00e9 n\u00e1stroje pro podporu v\u00fduky matematiky; dynamick\u00e9 syst\u00e9my (GeoGebra, Sketchometry, Desmos, \u2026), syst\u00e9my po\u010d\u00edta\u010dov\u00e9 algebry (Maple, Mathematica, wxMaxima, \u2026) aj.<\/li>\n\n\n\n<li>Ostatn\u00ed aplikace a digit\u00e1ln\u00ed za\u0159\u00edzen\u00ed pro podporu v\u00fduky matematiky; interaktivn\u00ed tabule, dotykov\u00e1 za\u0159\u00edzen\u00ed apod.<\/li>\n\n\n\n<li>Vyu\u017eit\u00ed digit\u00e1ln\u00edch technologi\u00ed v r\u016fzn\u00fdch discipl\u00edn\u00e1ch aplikuj\u00edc\u00edch matematick\u00e9 postupy (finan\u010dn\u00ed matematika, fyzika, informatika aj.)<\/li>\n<\/ol>\n\n\n\n<p>V&nbsp;r\u00e1mci konference prob\u011bhnou workshopy pro za\u010d\u00e1te\u010dn\u00edky i pokro\u010dil\u00e9 nejen k&nbsp;pou\u017e\u00edv\u00e1n\u00ed matematick\u00e9ho softwaru, ale i k&nbsp;vyu\u017eit\u00ed dal\u0161\u00edch technologi\u00ed ve vzd\u011bl\u00e1v\u00e1n\u00ed.<\/p>\n\n\n\n<p>Do programu bude za\u0159azen kulat\u00fd st\u016fl na t\u00e9ma <em>&nbsp;Um\u011bl\u00e1 inteligence v&nbsp;matematick\u00e9m vzd\u011bl\u00e1v\u00e1n\u00ed<\/em>.<\/p>\n\n\n\n<blockquote class=\"wp-block-quote is-layout-flow wp-block-quote-is-layout-flow\">\n<p>Konference je pojata jako 16 hodinov\u00fd studijn\u00ed program pr\u016fb\u011b\u017en\u00e9ho vzd\u011bl\u00e1v\u00e1n\u00ed pro prohlouben\u00ed odborn\u00e9 kvalifikace akreditovan\u00fd J\u010cMF (<strong>\u010d. j.: J\u010cMF 01 AKR 04001 2025<\/strong>).<\/p>\n<\/blockquote>\n\n\n\n<p><\/p>\n","protected":false},"excerpt":{"rendered":"<p>Ve dnech od 13. do 15. listopadu 2025 po\u0159\u00e1daj\u00ed Katedra matematiky Pedagogick\u00e9 fakulty Jiho\u010desk\u00e9 univerzity v&nbsp;\u010cesk\u00fdch Bud\u011bjovic\u00edch , Spole\u010dnost u\u010ditel\u016f matematiky (SUMA) J\u010cMF a Jednota \u010desk\u00fdch matematik\u016f a fyzik\u016f, pobo\u010dn\u00fd spolek \u010cesk\u00e9 Bud\u011bjovice v po\u0159ad\u00ed 12. ro\u010dn\u00edk konference U\u017eit\u00ed po\u010d\u00edta\u010d\u016f ve v\u00fduce matematiky. Konference je akreditov\u00e1na Jednotou \u010desk\u00fdch matematik\u016f a fyzik\u016f jako akce pr\u016fb\u011b\u017en\u00e9ho vzd\u011bl\u00e1v\u00e1n\u00ed &hellip; <a href=\"https:\/\/home.pf.jcu.cz\/~upvm\/2025\/\" class=\"more-link\">Pokra\u010dovat ve \u010dten\u00ed<span class=\"screen-reader-text\"> &#8222;\u00davod&#8220;<\/span><\/a><\/p>\n","protected":false},"author":1,"featured_media":0,"parent":0,"menu_order":0,"comment_status":"closed","ping_status":"closed","template":"","meta":{"footnotes":""},"class_list":["post-48","page","type-page","status-publish","hentry"],"_links":{"self":[{"href":"https:\/\/home.pf.jcu.cz\/~upvm\/2025\/wp-json\/wp\/v2\/pages\/48","targetHints":{"allow":["GET"]}}],"collection":[{"href":"https:\/\/home.pf.jcu.cz\/~upvm\/2025\/wp-json\/wp\/v2\/pages"}],"about":[{"href":"https:\/\/home.pf.jcu.cz\/~upvm\/2025\/wp-json\/wp\/v2\/types\/page"}],"author":[{"embeddable":true,"href":"https:\/\/home.pf.jcu.cz\/~upvm\/2025\/wp-json\/wp\/v2\/users\/1"}],"replies":[{"embeddable":true,"href":"https:\/\/home.pf.jcu.cz\/~upvm\/2025\/wp-json\/wp\/v2\/comments?post=48"}],"version-history":[{"count":14,"href":"https:\/\/home.pf.jcu.cz\/~upvm\/2025\/wp-json\/wp\/v2\/pages\/48\/revisions"}],"predecessor-version":[{"id":1722,"href":"https:\/\/home.pf.jcu.cz\/~upvm\/2025\/wp-json\/wp\/v2\/pages\/48\/revisions\/1722"}],"wp:attachment":[{"href":"https:\/\/home.pf.jcu.cz\/~upvm\/2025\/wp-json\/wp\/v2\/media?parent=48"}],"curies":[{"name":"wp","href":"https:\/\/api.w.org\/{rel}","templated":true}]}}

Úvod

<p>Ve dnech od 13. do 15. listopadu 2025 pořádají <a href="http://www.pf.jcu.cz/stru/katedry/m/" target="_blank" rel="noreferrer noopener">Katedra matematiky Pedagogické fakulty Jihočeské univerzity v&nbsp;Českých Budějovicích</a> , <a href="http://www.suma.jcmf.cz" target="_blank" rel="noreferrer noopener">Společnost učitelů matematiky (SUMA) JČMF</a> a <a href="http://home.pf.jcu.cz/~jcmf/" target="_blank" rel="noreferrer noopener">Jednota českých matematiků a fyziků, pobočný spolek České Budějovice</a> v pořadí 12. ročník konference <strong>Užití počítačů ve výuce matematiky</strong>.</p>


<div class="wp-block-image">
<figure class="aligncenter"><img decoding="async" src="https://home.pf.jcu.cz/~upvm/2023/wp-content/uploads/2023/04/logo_upvm.jpg" alt="Neoficiální logo konfrerence." class="wp-image-1149"/></figure>
</div>


<p></p>



<p><strong>Konference je akreditována Jednotou českých matematiků a fyziků jako akce průběžného vzdělávání pedagogických pracovníků v rozsahu 16 hodin pod č. j.: JČMF 01 AKR 04001 2025.</strong></p>



<p><strong>Rozšíření programu o posterovou sekci:</strong><br>K tradičním formám aktivní účasti na konferenci, jimiž jsou příspěvek a workshop, přidáváme nově posterovou sekci. Její zařazení je reakcí na přání některých účastníků a věříme, že se stane obohacením programu. <strong>Poster je možné přihlásit do 31. 10. </strong>zasláním názvu a anotace na adresu mhrubesova@pf.jcu.cz</p>



<p>Konference&nbsp;se koná jednou za dva roky a jejím cílem je shromáždit učitele matematiky z různých typů škol a další odborníky z oblasti školství k diskusím nejenom nad těmito tématy:</p>



<ul class="wp-block-list">
<li>role digitálních technologií ve vyučování matematiky,</li>



<li>vliv digitálních technologií na obsah vyučování,</li>



<li>role učitele při výuce podporované počítačem,</li>



<li>role digitální gramotnosti žáků a učitelů,</li>



<li>otázky rozvoje digitální gramotnosti při výuce matematiky,</li>



<li>vliv digitálních technologií na rozvoj matematické a finanční gramotnosti,</li>



<li>současné pojetí výuky matematiky.</li>
</ul>



<p>Referáty a diskuse k uvedeným tématům budou probíhat v sekcích:</p>



<ol class="wp-block-list">
<li>Výuka matematiky s podporou digitálních technologií, role matematiky v rozvoji digitální gramotnosti žáků, reflexe v revizi RVP. Obecné otázky výuky matematiky.</li>



<li>Konkrétní softwarové nástroje pro podporu výuky matematiky; dynamické systémy (GeoGebra, Sketchometry, Desmos, …), systémy počítačové algebry (Maple, Mathematica, wxMaxima, …) aj.</li>



<li>Ostatní aplikace a digitální zařízení pro podporu výuky matematiky; interaktivní tabule, dotyková zařízení apod.</li>



<li>Využití digitálních technologií v různých disciplínách aplikujících matematické postupy (finanční matematika, fyzika, informatika aj.)</li>
</ol>



<p>V&nbsp;rámci konference proběhnou workshopy pro začátečníky i pokročilé nejen k&nbsp;používání matematického softwaru, ale i k&nbsp;využití dalších technologií ve vzdělávání.</p>



<p>Do programu bude zařazen kulatý stůl na téma <em>&nbsp;Umělá inteligence v&nbsp;matematickém vzdělávání</em>.</p>



<blockquote class="wp-block-quote is-layout-flow wp-block-quote-is-layout-flow">
<p>Konference je pojata jako 16 hodinový studijní program průběžného vzdělávání pro prohloubení odborné kvalifikace akreditovaný JČMF (<strong>č. j.: JČMF 01 AKR 04001 2025</strong>).</p>
</blockquote>



<p></p>

<p>Ve dnech od 13. do 15. listopadu 2025 pořádají Katedra matematiky Pedagogické fakulty Jihočeské univerzity v&nbsp;Českých Budějovicích , Společnost učitelů matematiky (SUMA) JČMF a Jednota českých matematiků a fyziků, pobočný spolek České Budějovice v pořadí 12. ročník konference Užití počítačů ve výuce matematiky. Konference je akreditována Jednotou českých matematiků a fyziků jako akce průběžného vzdělávání &hellip; <a href="https://home.pf.jcu.cz/~upvm/2025/" class="more-link">Pokračovat ve čtení<span class="screen-reader-text"> &#8222;Úvod&#8220;</span></a></p>
