{"id":61,"date":"2011-02-19T12:55:47","date_gmt":"2011-02-19T12:55:47","guid":{"rendered":"http:\/\/localhost\/upvvm\/2011\/?page_id=25"},"modified":"2025-04-01T18:41:49","modified_gmt":"2025-04-01T16:41:49","slug":"ubytovani","status":"publish","type":"page","link":"https:\/\/home.pf.jcu.cz\/~upvm\/2025\/ubytovani\/","title":{"rendered":"Ubytov\u00e1n\u00ed"},"content":{"rendered":"<p><strong>Ubytov\u00e1n\u00ed na konferenci si za\u0159izuje ka\u017ed\u00fd \u00fa\u010dastn\u00edk s\u00e1m.<\/strong><\/p>\n<p>Zde uv\u00e1d\u00edme v\u00fdb\u011br vhodn\u00fdch ubytovac\u00edch za\u0159\u00edzen\u00ed v r\u016fzn\u00fdch cenov\u00fdch kategori\u00edch v okol\u00ed m\u00edsta kon\u00e1n\u00ed konference:<\/p>\n<p>Atelier Lanna, Jir\u00e1skovo n\u00e1b\u0159. ev. \u010d. 45, <a href=\"http:\/\/koncept-lanna.cz\" target=\"_blank\" rel=\"noopener\">koncept-lanna.cz<\/a><br \/>\nAG Penzion Smetanka, <a href=\"https:\/\/www.penzion-cbudejovice.cz\" target=\"_blank\" rel=\"noopener\">www.penzion-cbudejovice.cz<\/a><br \/>\nGrandhotel Zvon, <a href=\"https:\/\/www.hotel-zvon.cz\" target=\"_blank\" rel=\"noopener\">www.hotel-zvon.cz<\/a><br \/>\nHotel Dvo\u0159\u00e1k, <a href=\"https:\/\/www.hoteldvorakcb.cz\" target=\"_blank\" rel=\"noopener\">www.hoteldvorakcb.cz<\/a><br \/>\nPenzion Hradsk\u00fd, <a href=\"https:\/\/www.penzion-hradsky.cz\" target=\"_blank\" rel=\"noopener\">www.penzion-hradsky.cz<\/a><br \/>\nHotel Budweis, <a href=\"http:\/\/www.hotelbudweis.cz\" target=\"_blank\" rel=\"noopener\">www.hotelbudweis.cz<\/a><br \/>\nHotel U t\u0159\u00ed hru\u0161ek, <a href=\"http:\/\/utrihrusek.cz\/cs_cz\" target=\"_blank\" rel=\"noopener\">utrihrusek.cz\/cs_cz<\/a><br \/>\nHotel Metropol, <a href=\"https:\/\/www.hotelmetropolcb.cz\" target=\"_blank\" rel=\"noopener\">www.hotelmetropolcb.cz<\/a><br \/>\nHotel U n\u00e1dra\u017e\u00ed, <a href=\"http:\/\/www.hotelcb.cz\/\" target=\"_blank\" rel=\"noopener\">www.hotelcb.cz<\/a><br \/>\nSport Hotel \u010cesk\u00e9 Bud\u011bjovice, <a href=\"http:\/\/www.sporthotelcb.cz\" target=\"_blank\" rel=\"noopener\">www.sporthotelcb.cz<\/a><br \/>\nUbytovna U n\u00e1dra\u017e\u00ed, <a href=\"http:\/\/www.ubytovnacb.cz\" target=\"_blank\" rel=\"noopener\">www.ubytovnacb.cz<\/a><\/p>\n<p>Dal\u0161\u00ed mo\u017enosti ubytov\u00e1n\u00ed v \u010cesk\u00fdch Bud\u011bjovic\u00edch viz nap\u0159. <a href=\"https:\/\/www.booking.com\/accommodation\/city\/cz\/ceske-budejovice.cs.html\" target=\"_blank\" rel=\"noopener noreferrer\">https:\/\/www.booking.com\/accommodation\/city\/cz\/ceske-budejovice.cs.html<\/a><\/p>\n","protected":false},"excerpt":{"rendered":"<p>Ubytov\u00e1n\u00ed na konferenci si za\u0159izuje ka\u017ed\u00fd \u00fa\u010dastn\u00edk s\u00e1m. Zde uv\u00e1d\u00edme v\u00fdb\u011br vhodn\u00fdch ubytovac\u00edch za\u0159\u00edzen\u00ed v r\u016fzn\u00fdch cenov\u00fdch kategori\u00edch v okol\u00ed m\u00edsta kon\u00e1n\u00ed konference: Atelier Lanna, Jir\u00e1skovo n\u00e1b\u0159. ev. \u010d. 45, koncept-lanna.cz AG Penzion Smetanka, www.penzion-cbudejovice.cz Grandhotel Zvon, www.hotel-zvon.cz Hotel Dvo\u0159\u00e1k, www.hoteldvorakcb.cz Penzion Hradsk\u00fd, www.penzion-hradsky.cz Hotel Budweis, www.hotelbudweis.cz Hotel U t\u0159\u00ed hru\u0161ek, utrihrusek.cz\/cs_cz Hotel Metropol, www.hotelmetropolcb.cz &hellip; <a href=\"https:\/\/home.pf.jcu.cz\/~upvm\/2025\/ubytovani\/\" class=\"more-link\">Pokra\u010dovat ve \u010dten\u00ed<span class=\"screen-reader-text\"> &#8222;Ubytov\u00e1n\u00ed&#8220;<\/span><\/a><\/p>\n","protected":false},"author":1,"featured_media":0,"parent":0,"menu_order":0,"comment_status":"closed","ping_status":"open","template":"","meta":{"footnotes":""},"class_list":["post-61","page","type-page","status-publish","hentry"],"_links":{"self":[{"href":"https:\/\/home.pf.jcu.cz\/~upvm\/2025\/wp-json\/wp\/v2\/pages\/61","targetHints":{"allow":["GET"]}}],"collection":[{"href":"https:\/\/home.pf.jcu.cz\/~upvm\/2025\/wp-json\/wp\/v2\/pages"}],"about":[{"href":"https:\/\/home.pf.jcu.cz\/~upvm\/2025\/wp-json\/wp\/v2\/types\/page"}],"author":[{"embeddable":true,"href":"https:\/\/home.pf.jcu.cz\/~upvm\/2025\/wp-json\/wp\/v2\/users\/1"}],"replies":[{"embeddable":true,"href":"https:\/\/home.pf.jcu.cz\/~upvm\/2025\/wp-json\/wp\/v2\/comments?post=61"}],"version-history":[{"count":3,"href":"https:\/\/home.pf.jcu.cz\/~upvm\/2025\/wp-json\/wp\/v2\/pages\/61\/revisions"}],"predecessor-version":[{"id":1610,"href":"https:\/\/home.pf.jcu.cz\/~upvm\/2025\/wp-json\/wp\/v2\/pages\/61\/revisions\/1610"}],"wp:attachment":[{"href":"https:\/\/home.pf.jcu.cz\/~upvm\/2025\/wp-json\/wp\/v2\/media?parent=61"}],"curies":[{"name":"wp","href":"https:\/\/api.w.org\/{rel}","templated":true}]}}